CRAN Package Check Results for Package xrnet

Last updated on 2022-05-27 06:51:38 CEST.

Flavor Version Tinstall Tcheck Ttotal Status Flags
r-devel-linux-x86_64-debian-clang 0.1.7 110.55 68.59 179.14 OK
r-devel-linux-x86_64-debian-gcc 0.1.7 97.29 57.19 154.48 OK
r-devel-linux-x86_64-fedora-clang 0.1.7 257.14 NOTE
r-devel-linux-x86_64-fedora-gcc 0.1.7 244.99 OK
r-devel-windows-x86_64 0.1.7 88.00 116.00 204.00 OK
r-patched-linux-x86_64 0.1.7 104.87 70.80 175.67 OK
r-release-linux-x86_64 0.1.7 108.55 69.35 177.90 OK
r-release-macos-arm64 0.1.7 67.00 NOTE
r-release-macos-x86_64 0.1.7 86.00 NOTE
r-release-windows-x86_64 0.1.7 104.00 119.00 223.00 OK
r-oldrel-macos-arm64 0.1.7 77.00 NOTE
r-oldrel-macos-x86_64 0.1.7 131.00 NOTE
r-oldrel-windows-ix86+x86_64 0.1.7 239.00 152.00 391.00 OK

Check Details

Version: 0.1.7
Check: installed package size
Result: NOTE
     installed size is 22.1Mb
     sub-directories of 1Mb or more:
     libs 21.7Mb
Flavors: r-devel-linux-x86_64-fedora-clang, r-release-macos-arm64, r-release-macos-x86_64, r-oldrel-macos-arm64, r-oldrel-macos-x86_64