Last updated on 2024-04-19 06:03:42 CEST.
Flavor | Version | Tinstall | Tcheck | Ttotal | Status | Flags |
---|---|---|---|---|---|---|
r-devel-linux-x86_64-debian-clang | 0.1.7 | 121.06 | 61.71 | 182.77 | NOTE | |
r-devel-linux-x86_64-debian-gcc | 0.1.7 | NOTE | ||||
r-devel-linux-x86_64-fedora-clang | 0.1.7 | 226.94 | NOTE | |||
r-devel-linux-x86_64-fedora-gcc | 0.1.7 | 274.36 | NOTE | |||
r-prerel-macos-arm64 | 0.1.7 | 65.00 | NOTE | |||
r-prerel-windows-x86_64 | 0.1.7 | 87.00 | 93.00 | 180.00 | NOTE | |
r-patched-linux-x86_64 | 0.1.7 | 122.81 | 64.37 | 187.18 | NOTE | |
r-release-linux-x86_64 | 0.1.7 | 119.48 | 65.81 | 185.29 | NOTE | |
r-release-macos-arm64 | 0.1.7 | 78.00 | NOTE | |||
r-release-macos-x86_64 | 0.1.7 | 128.00 | NOTE | |||
r-release-windows-x86_64 | 0.1.7 | 105.00 | 112.00 | 217.00 | NOTE | |
r-oldrel-macos-arm64 | 0.1.7 | 67.00 | NOTE | |||
r-oldrel-windows-x86_64 | 0.1.7 | 101.00 | 107.00 | 208.00 | OK |
Version: 0.1.7
Check: C++ specification
Result: NOTE
Specified C++11: please drop specification unless essential
Flavors: r-devel-linux-x86_64-debian-clang, r-devel-linux-x86_64-debian-gcc, r-devel-linux-x86_64-fedora-clang, r-devel-linux-x86_64-fedora-gcc, r-prerel-macos-arm64, r-prerel-windows-x86_64, r-patched-linux-x86_64, r-release-linux-x86_64, r-release-macos-arm64, r-release-macos-x86_64, r-release-windows-x86_64
Version: 0.1.7
Check: installed package size
Result: NOTE
installed size is 25.0Mb
sub-directories of 1Mb or more:
libs 24.5Mb
Flavors: r-prerel-macos-arm64, r-release-macos-arm64, r-release-macos-x86_64, r-oldrel-macos-arm64