Last updated on 2023-09-29 12:57:11 CEST.
Flavor | Version | Tinstall | Tcheck | Ttotal | Status | Flags |
---|---|---|---|---|---|---|
r-devel-linux-x86_64-debian-clang | 0.1.1 | 53.36 | 134.16 | 187.52 | NOTE | |
r-devel-linux-x86_64-debian-gcc | 0.1.1 | 43.88 | 98.18 | 142.06 | NOTE | |
r-devel-linux-x86_64-fedora-clang | 0.1.1 | 254.23 | NOTE | |||
r-devel-linux-x86_64-fedora-gcc | 0.1.1 | 259.21 | NOTE | |||
r-devel-windows-x86_64 | 0.1.1 | 49.00 | 137.00 | 186.00 | NOTE | |
r-patched-linux-x86_64 | 0.1.1 | 42.30 | 126.23 | 168.53 | NOTE | |
r-release-linux-x86_64 | 0.1.1 | 42.76 | 126.57 | 169.33 | NOTE | |
r-release-macos-arm64 | 0.1.1 | 77.00 | NOTE | |||
r-release-macos-x86_64 | 0.1.1 | 129.00 | NOTE | |||
r-release-windows-x86_64 | 0.1.1 | 66.00 | 168.00 | 234.00 | NOTE | |
r-oldrel-macos-arm64 | 0.1.1 | 66.00 | OK | |||
r-oldrel-macos-x86_64 | 0.1.1 | 92.00 | OK | |||
r-oldrel-windows-x86_64 | 0.1.1 | 63.00 | 156.00 | 219.00 | OK |
Version: 0.1.1
Check: C++ specification
Result: NOTE
Specified C++11: please drop specification unless essential
Flavors: r-devel-linux-x86_64-debian-clang, r-devel-linux-x86_64-debian-gcc, r-devel-linux-x86_64-fedora-clang, r-devel-linux-x86_64-fedora-gcc, r-devel-windows-x86_64, r-patched-linux-x86_64, r-release-linux-x86_64, r-release-macos-arm64, r-release-macos-x86_64, r-release-windows-x86_64