Last updated on 2023-09-29 12:57:11 CEST.
Flavor | Version | Tinstall | Tcheck | Ttotal | Status | Flags |
---|---|---|---|---|---|---|
r-devel-linux-x86_64-debian-clang | 0.0-6 | 182.32 | 112.57 | 294.89 | OK | |
r-devel-linux-x86_64-debian-gcc | 0.0-6 | 149.70 | 83.71 | 233.41 | OK | |
r-devel-linux-x86_64-fedora-clang | 0.0-6 | 359.87 | OK | |||
r-devel-linux-x86_64-fedora-gcc | 0.0-6 | 395.19 | OK | |||
r-devel-windows-x86_64 | 0.0-6 | 153.00 | 124.00 | 277.00 | OK | |
r-patched-linux-x86_64 | 0.0-6 | 182.05 | 106.86 | 288.91 | OK | |
r-release-linux-x86_64 | 0.0-6 | 185.98 | 107.82 | 293.80 | OK | |
r-release-macos-arm64 | 0.0-6 | 123.00 | NOTE | |||
r-release-macos-x86_64 | 0.0-6 | 207.00 | NOTE | |||
r-release-windows-x86_64 | 0.0-6 | 199.00 | 151.00 | 350.00 | OK | |
r-oldrel-macos-arm64 | 0.0-6 | 110.00 | NOTE | |||
r-oldrel-macos-x86_64 | 0.0-6 | 152.00 | NOTE | |||
r-oldrel-windows-x86_64 | 0.0-6 | 184.00 | 149.00 | 333.00 | OK |
Version: 0.0-6
Check: installed package size
Result: NOTE
installed size is 53.0Mb
sub-directories of 1Mb or more:
libs 52.7Mb
Flavors: r-release-macos-arm64, r-release-macos-x86_64, r-oldrel-macos-arm64, r-oldrel-macos-x86_64