CRAN Package Check Results for Package phylobase

Last updated on 2020-09-25 06:50:06 CEST.

Flavor Version Tinstall Tcheck Ttotal Status Flags
r-devel-linux-x86_64-debian-clang 0.8.10 36.59 141.35 177.94 OK
r-devel-linux-x86_64-debian-gcc 0.8.10 28.49 104.77 133.26 OK
r-devel-linux-x86_64-fedora-clang 0.8.10 237.15 OK
r-devel-linux-x86_64-fedora-gcc 0.8.10 212.97 OK
r-devel-windows-ix86+x86_64 0.8.10 85.00 263.00 348.00 OK
r-patched-linux-x86_64 0.8.10 30.79 133.14 163.93 OK
r-patched-solaris-x86 0.8.10 272.00 OK
r-release-linux-x86_64 0.8.10 32.11 134.64 166.75 OK
r-release-macos-x86_64 0.8.10 NOTE
r-release-windows-ix86+x86_64 0.8.10 84.00 271.00 355.00 OK
r-oldrel-macos-x86_64 0.8.10 OK
r-oldrel-windows-ix86+x86_64 0.8.10 79.00 247.00 326.00 OK

Check Details

Version: 0.8.10
Check: package dependencies
Result: NOTE
    Package suggested but not available for checking: ‘testthat’
Flavor: r-release-macos-x86_64