Last updated on 2023-03-30 21:49:48 CEST.
Flavor | Version | Tinstall | Tcheck | Ttotal | Status | Flags |
---|---|---|---|---|---|---|
r-devel-linux-x86_64-debian-clang | 0.1 | 1.36 | 57.49 | 58.85 | NOTE | |
r-devel-linux-x86_64-debian-gcc | 0.1 | 1.46 | 40.47 | 41.93 | NOTE | |
r-devel-linux-x86_64-fedora-clang | 0.1 | 70.73 | NOTE | |||
r-devel-linux-x86_64-fedora-gcc | 0.1 | 80.88 | NOTE | |||
r-devel-windows-x86_64 | 0.1 | 21.00 | 85.00 | 106.00 | OK | |
r-patched-linux-x86_64 | 0.1 | 2.16 | 55.27 | 57.43 | NOTE | |
r-release-linux-x86_64 | 0.1 | 1.92 | 53.65 | 55.57 | NOTE | |
r-release-macos-arm64 | 0.1 | 23.00 | OK | |||
r-release-macos-x86_64 | 0.1 | 30.00 | OK | |||
r-release-windows-x86_64 | 0.1 | 26.00 | 90.00 | 116.00 | OK | |
r-oldrel-macos-arm64 | 0.1 | 34.00 | OK | |||
r-oldrel-macos-x86_64 | 0.1 | 44.00 | OK | |||
r-oldrel-windows-ix86+x86_64 | 0.1 | 5.00 | 85.00 | 90.00 | OK |
Version: 0.1
Check: for non-standard things in the check directory
Result: NOTE
Found the following files/directories:
‘clusterhap_reports’
Flavors: r-devel-linux-x86_64-debian-clang, r-devel-linux-x86_64-debian-gcc, r-devel-linux-x86_64-fedora-clang, r-devel-linux-x86_64-fedora-gcc, r-patched-linux-x86_64, r-release-linux-x86_64