Last updated on 2024-03-28 12:50:30 CET.
Flavor | Version | Tinstall | Tcheck | Ttotal | Status | Flags |
---|---|---|---|---|---|---|
r-devel-linux-x86_64-debian-clang | 0.1 | 2.03 | 60.36 | 62.39 | NOTE | |
r-devel-linux-x86_64-debian-gcc | 0.1 | 1.77 | 41.91 | 43.68 | NOTE | |
r-devel-linux-x86_64-fedora-clang | 0.1 | 73.84 | NOTE | |||
r-devel-linux-x86_64-fedora-gcc | 0.1 | 88.32 | NOTE | |||
r-devel-windows-x86_64 | 0.1 | 3.00 | 60.00 | 63.00 | OK | |
r-patched-linux-x86_64 | 0.1 | 1.38 | 56.30 | 57.68 | NOTE | |
r-release-linux-x86_64 | 0.1 | 1.95 | 54.78 | 56.73 | NOTE | |
r-release-macos-arm64 | 0.1 | 27.00 | OK | |||
r-release-macos-x86_64 | 0.1 | 42.00 | OK | |||
r-release-windows-x86_64 | 0.1 | 4.00 | 65.00 | 69.00 | OK | |
r-oldrel-macos-arm64 | 0.1 | 22.00 | OK | |||
r-oldrel-windows-x86_64 | 0.1 | 4.00 | 68.00 | 72.00 | OK |
Version: 0.1
Check: for non-standard things in the check directory
Result: NOTE
Found the following files/directories:
‘clusterhap_reports’
Flavors: r-devel-linux-x86_64-debian-clang, r-devel-linux-x86_64-debian-gcc, r-devel-linux-x86_64-fedora-clang, r-devel-linux-x86_64-fedora-gcc, r-patched-linux-x86_64, r-release-linux-x86_64