CRAN Package Check Results for Package biogram

Last updated on 2022-01-29 06:49:27 CET.

Flavor Version Tinstall Tcheck Ttotal Status Flags
r-devel-linux-x86_64-debian-clang 1.6.3 4.57 82.19 86.76 OK
r-devel-linux-x86_64-debian-gcc 1.6.3 4.16 61.38 65.54 OK
r-devel-linux-x86_64-fedora-clang 1.6.3 103.29 NOTE
r-devel-linux-x86_64-fedora-gcc 1.6.3 92.78 OK
r-devel-windows-x86_64-new-UL 1.6.3 79.00 111.00 190.00 OK
r-devel-windows-x86_64-new-TK 1.6.3 OK
r-patched-linux-x86_64 1.6.3 6.18 71.60 77.78 OK
r-release-linux-x86_64 1.6.3 4.94 72.25 77.19 OK
r-release-macos-arm64 1.6.3 OK
r-release-macos-x86_64 1.6.3 OK
r-release-windows-ix86+x86_64 1.6.3 10.00 94.00 104.00 OK
r-oldrel-macos-x86_64 1.6.3 OK
r-oldrel-windows-ix86+x86_64 1.6.3 11.00 94.00 105.00 OK

Check Details

Version: 1.6.3
Check: Rd cross-references
Result: NOTE
    Undeclared package ‘seqinr’ in Rd xrefs
Flavor: r-devel-linux-x86_64-fedora-clang