Last updated on 2023-03-25 03:51:53 CET.
Flavor | Version | Tinstall | Tcheck | Ttotal | Status | Flags |
---|---|---|---|---|---|---|
r-devel-linux-x86_64-debian-clang | 0.2.3 | 42.19 | 418.72 | 460.91 | OK | |
r-devel-linux-x86_64-debian-gcc | 0.2.3 | 34.29 | 313.30 | 347.59 | OK | |
r-devel-linux-x86_64-fedora-clang | 0.2.3 | 593.42 | OK | |||
r-devel-linux-x86_64-fedora-gcc | 0.2.3 | 594.27 | OK | |||
r-devel-windows-x86_64 | 0.2.3 | 49.00 | 435.00 | 484.00 | OK | |
r-patched-linux-x86_64 | 0.2.3 | 46.13 | 384.92 | 431.05 | OK | |
r-release-linux-x86_64 | 0.2.3 | 42.39 | 379.60 | 421.99 | OK | |
r-release-macos-arm64 | 0.2.3 | 6.00 | ERROR | |||
r-release-macos-x86_64 | 0.2.3 | 195.00 | OK | |||
r-release-windows-x86_64 | 0.2.3 | 47.00 | 419.00 | 466.00 | OK | |
r-oldrel-macos-arm64 | 0.2.3 | 146.00 | OK | |||
r-oldrel-macos-x86_64 | 0.2.3 | 191.00 | OK | |||
r-oldrel-windows-ix86+x86_64 | 0.2.3 | 98.00 | 363.00 | 461.00 | OK |
Version: 0.2.3
Check: package dependencies
Result: ERROR
Package required but not available: ‘org.Dr.eg.db’
See section ‘The DESCRIPTION file’ in the ‘Writing R Extensions’
manual.
Flavor: r-release-macos-arm64