CRAN Package Check Results for Package ztable

Last updated on 2024-03-02 02:48:55 CET.

Flavor Version Tinstall Tcheck Ttotal Status Flags
r-devel-linux-x86_64-debian-clang 0.2.3 15.07 94.89 109.96 NOTE
r-devel-linux-x86_64-debian-gcc 0.2.3 9.06 86.22 95.28 NOTE
r-devel-linux-x86_64-fedora-clang 0.2.3 138.82 NOTE
r-devel-linux-x86_64-fedora-gcc 0.2.3 180.37 NOTE
r-devel-windows-x86_64 0.2.3 12.00 121.00 133.00 OK
r-patched-linux-x86_64 0.2.3 7.42 97.75 105.17 OK
r-release-linux-x86_64 0.2.3 7.87 96.47 104.34 OK
r-release-macos-arm64 0.2.3 55.00 OK
r-release-macos-x86_64 0.2.3 102.00 OK
r-release-windows-x86_64 0.2.3 15.00 138.00 153.00 OK
r-oldrel-macos-arm64 0.2.3 39.00 OK
r-oldrel-windows-x86_64 0.2.3 15.00 135.00 150.00 OK

Check Details

Version: 0.2.3
Check: Rd files
Result: NOTE checkRd: (-1) update_ztable.Rd:75: Lost braces; missing escapes or markup? 75 | must be NULL or contain only elements of {"h","t","b","p","!","H"}.} | ^ checkRd: (-1) ztable_sub.Rd:78: Lost braces; missing escapes or markup? 78 | must be NULL or contain only elements of {"h","t","b","p","!","H"}. | ^ Flavors: r-devel-linux-x86_64-debian-clang, r-devel-linux-x86_64-debian-gcc, r-devel-linux-x86_64-fedora-clang, r-devel-linux-x86_64-fedora-gcc