CRAN Package Check Results for Package zooaRchGUI

Last updated on 2020-05-30 12:48:27 CEST.

Flavor Version Tinstall Tcheck Ttotal Status Flags
r-devel-linux-x86_64-debian-clang 1.0.2 30.09 138.24 168.33 OK
r-devel-linux-x86_64-debian-gcc 1.0.2 24.59 117.66 142.25 OK
r-devel-linux-x86_64-fedora-clang 1.0.2 301.95 OK
r-devel-linux-x86_64-fedora-gcc 1.0.2 243.61 OK
r-devel-windows-ix86+x86_64 1.0.2 97.00 269.00 366.00 OK
r-patched-linux-x86_64 1.0.2 31.40 135.51 166.91 OK
r-patched-solaris-x86 1.0.2 432.20 OK
r-release-linux-x86_64 1.0.2 29.62 135.87 165.49 OK
r-release-osx-x86_64 1.0.2 OK
r-release-windows-ix86+x86_64 1.0.2 65.00 213.00 278.00 OK
r-oldrel-osx-x86_64 1.0.2 FAIL
r-oldrel-windows-ix86+x86_64 1.0.2 54.00 204.00 258.00 OK

Check Details

Version: 1.0.2
Check: whether package can be installed
Result: FAIL
Flavor: r-oldrel-osx-x86_64