CRAN Package Check Results for Package zonohedra

Last updated on 2024-05-20 06:52:14 CEST.

Flavor Version Tinstall Tcheck Ttotal Status Flags
r-devel-linux-x86_64-debian-clang 0.2-2 12.60 180.50 193.10 NOTE
r-devel-linux-x86_64-debian-gcc 0.2-2 10.51 139.69 150.20 NOTE
r-devel-linux-x86_64-fedora-clang 0.2-2 236.06 NOTE
r-devel-linux-x86_64-fedora-gcc 0.2-2 275.12 NOTE
r-devel-windows-x86_64 0.2-2 26.00 180.00 206.00 NOTE
r-patched-linux-x86_64 0.2-2 14.31 171.58 185.89 NOTE
r-release-linux-x86_64 0.2-2 13.12 173.00 186.12 NOTE
r-release-macos-arm64 0.2-2 106.00 ERROR
r-release-windows-x86_64 0.2-2 25.00 213.00 238.00 NOTE
r-oldrel-macos-arm64 0.2-2 135.00 OK
r-oldrel-macos-x86_64 0.2-2 335.00 OK
r-oldrel-windows-x86_64 0.2-2 26.00 251.00 277.00 OK

Additional issues

noRemap rchk

Check Details

Version: 0.2-2
Check: Rd files
Result: NOTE checkRd: (-1) inside2trans.Rd:124: Lost braces 124 | \bold{Linking number --- {Wikipedia}{,} The Free Encyclopedia}. | ^ Flavors: r-devel-linux-x86_64-debian-clang, r-devel-linux-x86_64-debian-gcc, r-devel-linux-x86_64-fedora-clang, r-devel-linux-x86_64-fedora-gcc, r-devel-windows-x86_64, r-patched-linux-x86_64, r-release-linux-x86_64, r-release-macos-arm64, r-release-windows-x86_64

Version: 0.2-2
Check: for detritus in the temp directory
Result: NOTE Found the following files/directories: ‘Crashpad’ Flavor: r-devel-linux-x86_64-fedora-gcc

Version: 0.2-2
Check: re-building of vignette outputs
Result: ERROR Error(s) in re-building vignettes: --- re-building ‘matroids.Rmd’ using rmarkdown --- finished re-building ‘matroids.Rmd’ --- re-building ‘raytrace.Rmd’ using rmarkdown --- finished re-building ‘raytrace.Rmd’ --- re-building ‘transitions.Rmd’ using rmarkdown Error : Chromote: timed out waiting for event Page.loadEventFired Warning in snapshot3d(paste0(name, ".png")) : webshot2::webshot() failed; trying rgl.snapshot() Warning in rgl.snapshot(filename, fmt, top) : this build of rgl does not support snapshots Error : Chromote: timed out waiting for event Page.loadEventFired Warning in snapshot3d(paste0(name, ".png")) : webshot2::webshot() failed; trying rgl.snapshot() Warning in rgl.snapshot(filename, fmt, top) : this build of rgl does not support snapshots Quitting from lines 1184-1186 [unnamed-chunk-10] (transitions.Rmd) Error: processing vignette 'transitions.Rmd' failed with diagnostics: subscript out of bounds --- failed re-building ‘transitions.Rmd’ --- re-building ‘zonohedra-guide.Rmd’ using rmarkdown Warning in snapshot3d(paste0(name, ".png")) : webshot = TRUE requires the webshot2 package and Chrome browser; using rgl.snapshot() instead Warning in rgl.snapshot(filename, fmt, top) : this build of rgl does not support snapshots --- finished re-building ‘zonohedra-guide.Rmd’ --- re-building ‘zonotopes.Rmd’ using rmarkdown --- finished re-building ‘zonotopes.Rmd’ SUMMARY: processing the following file failed: ‘transitions.Rmd’ Error: Vignette re-building failed. Execution halted Flavor: r-release-macos-arm64