CRAN Package Check Results for Package zonebuilder

Last updated on 2024-06-14 02:54:23 CEST.

Flavor Version Tinstall Tcheck Ttotal Status Flags
r-devel-linux-x86_64-debian-clang 0.0.2 4.58 82.79 87.37 OK
r-devel-linux-x86_64-debian-gcc 0.0.2 3.68 44.00 47.68 ERROR
r-devel-linux-x86_64-fedora-clang 0.0.2 114.52 OK
r-devel-linux-x86_64-fedora-gcc 0.0.2 129.80 OK
r-devel-windows-x86_64 0.0.2 5.00 83.00 88.00 OK
r-patched-linux-x86_64 0.0.2 5.16 83.28 88.44 OK
r-release-linux-x86_64 0.0.2 5.24 83.46 88.70 OK
r-release-macos-arm64 0.0.2 42.00 OK
r-release-macos-x86_64 0.0.2 67.00 OK
r-release-windows-x86_64 0.0.2 5.00 86.00 91.00 OK
r-oldrel-macos-arm64 0.0.2 56.00 OK
r-oldrel-macos-x86_64 0.0.2 78.00 OK
r-oldrel-windows-x86_64 0.0.2 7.00 95.00 102.00 OK

Check Details

Version: 0.0.2
Check: package dependencies
Result: NOTE Packages suggested but not available for checking: 'tmap', 'pct', 'dplyr' Flavor: r-devel-linux-x86_64-debian-gcc

Version: 0.0.2
Check: re-building of vignette outputs
Result: ERROR Error(s) in re-building vignettes: ... --- re-building ‘demo_dutch_cities.Rmd’ using rmarkdown --- finished re-building ‘demo_dutch_cities.Rmd’ --- re-building ‘hackathon.Rmd’ using rmarkdown --- finished re-building ‘hackathon.Rmd’ --- re-building ‘paper.Rmd’ using rmarkdown Quitting from lines 56-66 [unnamed-chunk-1] (paper.Rmd) Error: processing vignette 'paper.Rmd' failed with diagnostics: there is no package called 'tmap' --- failed re-building ‘paper.Rmd’ SUMMARY: processing the following file failed: ‘paper.Rmd’ Error: Vignette re-building failed. Execution halted Flavor: r-devel-linux-x86_64-debian-gcc