CRAN Package Check Results for Package zipfR

Last updated on 2024-03-03 04:12:37 CET.

Flavor Version Tinstall Tcheck Ttotal Status Flags
r-devel-linux-x86_64-debian-clang 0.6-70 10.41 111.88 122.29 OK
r-devel-linux-x86_64-debian-gcc 0.6-70 6.80 89.11 95.91 OK
r-devel-linux-x86_64-fedora-clang 0.6-70 155.11 NOTE
r-devel-linux-x86_64-fedora-gcc 0.6-70 155.22 NOTE
r-devel-windows-x86_64 0.6-70 10.00 132.00 142.00 OK
r-patched-linux-x86_64 0.6-70 13.93 110.48 124.41 OK
r-release-linux-x86_64 0.6-70 8.36 113.08 121.44 OK
r-release-macos-arm64 0.6-70 55.00 OK
r-release-macos-x86_64 0.6-70 101.00 OK
r-release-windows-x86_64 0.6-70 12.00 138.00 150.00 OK
r-oldrel-macos-arm64 0.6-70 47.00 OK
r-oldrel-windows-x86_64 0.6-70 22.00 135.00 157.00 OK

Check Details

Version: 0.6-70
Check: data for non-ASCII characters
Result: NOTE Note: found 146804 marked UTF-8 strings Flavors: r-devel-linux-x86_64-fedora-clang, r-devel-linux-x86_64-fedora-gcc