Last updated on 2024-03-28 06:53:07 CET.
Flavor | Version | Tinstall | Tcheck | Ttotal | Status | Flags |
---|---|---|---|---|---|---|
r-devel-linux-x86_64-debian-clang | 1.2.1 | 15.37 | 154.39 | 169.76 | NOTE | |
r-devel-linux-x86_64-debian-gcc | 1.2.1 | 11.03 | 113.35 | 124.38 | NOTE | |
r-devel-linux-x86_64-fedora-clang | 1.2.1 | 214.32 | NOTE | |||
r-devel-linux-x86_64-fedora-gcc | 1.2.1 | 217.43 | NOTE | |||
r-devel-windows-x86_64 | 1.2.1 | 16.00 | 137.00 | 153.00 | NOTE | |
r-patched-linux-x86_64 | 1.2.1 | 22.60 | 153.47 | 176.07 | OK | |
r-release-linux-x86_64 | 1.2.1 | 18.38 | 151.27 | 169.65 | OK | |
r-release-macos-arm64 | 1.2.1 | 63.00 | OK | |||
r-release-macos-x86_64 | 1.2.1 | 105.00 | OK | |||
r-release-windows-x86_64 | 1.2.1 | 19.00 | 175.00 | 194.00 | OK | |
r-oldrel-macos-arm64 | 1.2.1 | 51.00 | OK | |||
r-oldrel-windows-x86_64 | 1.2.1 | 21.00 | 165.00 | 186.00 | OK |
Version: 1.2.1
Check: Rd files
Result: NOTE
checkRd: (-1) glm.cons.Rd:54: Lost braces; missing escapes or markup?
54 | \item{method}{the method used in fitting the model. The default method "\code{glm.fit.cons}" uses function {nnnpls} from package nnls instead of \code{lm.fit} to impose the sign of the coefficients. As in \code{glm}, the alternative method "\code{model.frame}" returns the model frame and does no fitting.}
| ^
Flavors: r-devel-linux-x86_64-debian-clang, r-devel-linux-x86_64-debian-gcc, r-devel-linux-x86_64-fedora-clang, r-devel-linux-x86_64-fedora-gcc, r-devel-windows-x86_64