Last updated on 2025-02-01 21:49:29 CET.
Flavor | Version | Tinstall | Tcheck | Ttotal | Status | Flags |
---|---|---|---|---|---|---|
r-devel-linux-x86_64-debian-clang | 0.1.0 | 1.33 | 22.54 | 23.87 | OK | |
r-devel-linux-x86_64-debian-gcc | 0.1.0 | 1.44 | 17.30 | 18.74 | OK | |
r-devel-linux-x86_64-fedora-clang | 0.1.0 | 39.48 | NOTE | |||
r-devel-linux-x86_64-fedora-gcc | 0.1.0 | 38.51 | NOTE | |||
r-devel-windows-x86_64 | 0.1.0 | 2.00 | 50.00 | 52.00 | OK | |
r-patched-linux-x86_64 | 0.1.0 | 1.64 | 21.31 | 22.95 | OK | |
r-release-linux-x86_64 | 0.1.0 | 1.80 | 21.10 | 22.90 | OK | |
r-release-macos-arm64 | 0.1.0 | 15.00 | OK | |||
r-release-macos-x86_64 | 0.1.0 | 23.00 | OK | |||
r-release-windows-x86_64 | 0.1.0 | 3.00 | 42.00 | 45.00 | OK | |
r-oldrel-macos-arm64 | 0.1.0 | 16.00 | OK | |||
r-oldrel-macos-x86_64 | 0.1.0 | 26.00 | OK | |||
r-oldrel-windows-x86_64 | 0.1.0 | 3.00 | 46.00 | 49.00 | OK |
Version: 0.1.0
Check: dependencies in R code
Result: NOTE
Namespace in Imports field not imported from: ‘MASS’
All declared Imports should be used.
Flavors: r-devel-linux-x86_64-fedora-clang, r-devel-linux-x86_64-fedora-gcc