CRAN Package Check Results for Package zendeskR

Last updated on 2022-01-24 06:49:10 CET.

Flavor Version Tinstall Tcheck Ttotal Status Flags
r-devel-linux-x86_64-debian-clang 0.4 2.96 36.38 39.34 NOTE
r-devel-linux-x86_64-debian-gcc 0.4 2.10 28.20 30.30 NOTE
r-devel-linux-x86_64-fedora-clang 0.4 48.30 NOTE
r-devel-linux-x86_64-fedora-gcc 0.4 36.96 NOTE
r-devel-windows-x86_64-new-UL 0.4 24.00 55.00 79.00 NOTE
r-devel-windows-x86_64-new-TK 0.4 NOTE
r-patched-linux-x86_64 0.4 2.63 35.49 38.12 NOTE
r-release-linux-x86_64 0.4 1.90 35.93 37.83 NOTE
r-release-macos-arm64 0.4 NOTE
r-release-macos-x86_64 0.4 NOTE
r-release-windows-ix86+x86_64 0.4 7.00 48.00 55.00 NOTE
r-oldrel-macos-x86_64 0.4 NOTE
r-oldrel-windows-ix86+x86_64 0.4 6.00 45.00 51.00 NOTE

Check Details

Version: 0.4
Check: DESCRIPTION meta-information
Result: NOTE
    Malformed Description field: should contain one or more complete sentences.
Flavors: r-devel-linux-x86_64-debian-clang, r-devel-linux-x86_64-debian-gcc, r-devel-linux-x86_64-fedora-clang, r-devel-linux-x86_64-fedora-gcc, r-devel-windows-x86_64-new-UL, r-devel-windows-x86_64-new-TK, r-patched-linux-x86_64, r-release-linux-x86_64, r-release-macos-arm64, r-release-macos-x86_64, r-release-windows-ix86+x86_64, r-oldrel-macos-x86_64, r-oldrel-windows-ix86+x86_64