CRAN Package Check Results for Package yll

Last updated on 2025-02-01 12:48:43 CET.

Flavor Version Tinstall Tcheck Ttotal Status Flags
r-devel-linux-x86_64-debian-clang 1.0.0 1.69 17.63 19.32 OK
r-devel-linux-x86_64-debian-gcc 1.0.0 1.33 14.62 15.95 OK
r-devel-linux-x86_64-fedora-clang 1.0.0 31.46 OK
r-devel-linux-x86_64-fedora-gcc 1.0.0 30.21 OK
r-devel-windows-x86_64 1.0.0 2.00 49.00 51.00 OK
r-patched-linux-x86_64 1.0.0 1.36 16.64 18.00 NOTE
r-release-linux-x86_64 1.0.0 1.60 16.61 18.21 NOTE
r-release-macos-arm64 1.0.0 13.00 NOTE
r-release-macos-x86_64 1.0.0 20.00 NOTE
r-release-windows-x86_64 1.0.0 4.00 40.00 44.00 NOTE
r-oldrel-macos-arm64 1.0.0 17.00 NOTE
r-oldrel-macos-x86_64 1.0.0 20.00 NOTE
r-oldrel-windows-x86_64 1.0.0 2.00 42.00 44.00 NOTE

Check Details

Version: 1.0.0
Check: LazyData
Result: NOTE 'LazyData' is specified without a 'data' directory Flavors: r-patched-linux-x86_64, r-release-linux-x86_64, r-release-macos-arm64, r-release-macos-x86_64, r-release-windows-x86_64, r-oldrel-macos-arm64, r-oldrel-macos-x86_64, r-oldrel-windows-x86_64