Last updated on 2023-09-23 05:58:14 CEST.
Flavor | Version | Tinstall | Tcheck | Ttotal | Status | Flags |
---|---|---|---|---|---|---|
r-devel-linux-x86_64-debian-clang | 0.1.2 | 52.70 | 106.97 | 159.67 | NOTE | |
r-devel-linux-x86_64-debian-gcc | 0.1.2 | 35.09 | 80.18 | 115.27 | NOTE | |
r-devel-linux-x86_64-fedora-clang | 0.1.2 | 212.61 | NOTE | |||
r-devel-linux-x86_64-fedora-gcc | 0.1.2 | 202.63 | NOTE | |||
r-devel-windows-x86_64 | 0.1.2 | 39.00 | 114.00 | 153.00 | NOTE | |
r-patched-linux-x86_64 | 0.1.2 | 48.30 | 103.37 | 151.67 | NOTE | |
r-release-linux-x86_64 | 0.1.2 | 45.70 | 102.60 | 148.30 | NOTE | |
r-release-macos-arm64 | 0.1.2 | 59.00 | NOTE | |||
r-release-macos-x86_64 | 0.1.2 | 102.00 | NOTE | |||
r-release-windows-x86_64 | 0.1.2 | 53.00 | 133.00 | 186.00 | NOTE | |
r-oldrel-macos-arm64 | 0.1.2 | 61.00 | OK | |||
r-oldrel-macos-x86_64 | 0.1.2 | 77.00 | OK | |||
r-oldrel-windows-x86_64 | 0.1.2 | 50.00 | 133.00 | 183.00 | OK |
Version: 0.1.2
Check: C++ specification
Result: NOTE
Specified C++11: please drop specification unless essential
Flavors: r-devel-linux-x86_64-debian-clang, r-devel-linux-x86_64-debian-gcc, r-devel-linux-x86_64-fedora-clang, r-devel-linux-x86_64-fedora-gcc, r-devel-windows-x86_64, r-patched-linux-x86_64, r-release-linux-x86_64, r-release-macos-arm64, r-release-macos-x86_64, r-release-windows-x86_64