CRAN Package Check Results for Package yaps

Last updated on 2022-06-29 03:52:56 CEST.

Flavor Version Tinstall Tcheck Ttotal Status Flags
r-devel-linux-x86_64-debian-clang 1.2.5 110.36 220.73 331.09 OK
r-devel-linux-x86_64-debian-gcc 1.2.5 63.56 153.00 216.56 OK
r-devel-linux-x86_64-fedora-clang 1.2.5 392.72 NOTE
r-devel-linux-x86_64-fedora-gcc 1.2.5 371.92 OK
r-devel-windows-x86_64 1.2.5 81.00 263.00 344.00 NOTE
r-patched-linux-x86_64 1.2.5 72.89 208.97 281.86 OK
r-release-linux-x86_64 1.2.5 60.72 209.48 270.20 OK
r-release-macos-arm64 1.2.5 116.00 NOTE
r-release-macos-x86_64 1.2.5 162.00 NOTE
r-release-windows-x86_64 1.2.5 125.00 266.00 391.00 NOTE
r-oldrel-macos-arm64 1.2.5 129.00 NOTE
r-oldrel-macos-x86_64 1.2.5 177.00 NOTE
r-oldrel-windows-ix86+x86_64 1.2.5 151.00 512.00 663.00 NOTE

Check Details

Version: 1.2.5
Check: installed package size
Result: NOTE
     installed size is 13.9Mb
     sub-directories of 1Mb or more:
     libs 11.9Mb
Flavors: r-devel-linux-x86_64-fedora-clang, r-devel-windows-x86_64, r-release-macos-arm64, r-release-macos-x86_64, r-release-windows-x86_64, r-oldrel-macos-arm64, r-oldrel-macos-x86_64, r-oldrel-windows-ix86+x86_64