CRAN Package Check Results for Package xsp

Last updated on 2024-06-19 12:27:31 CEST.

Flavor Version Tinstall Tcheck Ttotal Status Flags
r-devel-linux-x86_64-debian-clang 0.1.2 5.79 66.49 72.28 NOTE
r-devel-linux-x86_64-debian-gcc 0.1.2 4.29 47.55 51.84 NOTE
r-devel-linux-x86_64-fedora-clang 0.1.2 90.57 NOTE
r-devel-linux-x86_64-fedora-gcc 0.1.2 84.54 NOTE
r-devel-windows-x86_64 0.1.2 7.00 66.00 73.00 NOTE
r-patched-linux-x86_64 0.1.2 4.23 63.56 67.79 NOTE
r-release-linux-x86_64 0.1.2 5.03 62.37 67.40 NOTE
r-release-macos-arm64 0.1.2 27.00 NOTE
r-release-macos-x86_64 0.1.2 41.00 NOTE
r-release-windows-x86_64 0.1.2 7.00 67.00 74.00 NOTE
r-oldrel-macos-arm64 0.1.2 30.00 NOTE
r-oldrel-macos-x86_64 0.1.2 44.00 NOTE
r-oldrel-windows-x86_64 0.1.2 8.00 76.00 84.00 NOTE

Check Details

Version: 0.1.2
Check: LazyData
Result: NOTE 'LazyData' is specified without a 'data' directory Flavors: r-devel-linux-x86_64-debian-clang, r-devel-linux-x86_64-debian-gcc, r-devel-linux-x86_64-fedora-clang, r-devel-linux-x86_64-fedora-gcc, r-devel-windows-x86_64, r-patched-linux-x86_64, r-release-linux-x86_64, r-release-macos-arm64, r-release-macos-x86_64, r-release-windows-x86_64, r-oldrel-macos-arm64, r-oldrel-macos-x86_64, r-oldrel-windows-x86_64