Last updated on 2023-06-10 21:54:24 CEST.
Flavor | Version | Tinstall | Tcheck | Ttotal | Status | Flags |
---|---|---|---|---|---|---|
r-devel-linux-x86_64-debian-clang | 0.1.2 | 5.96 | 65.18 | 71.14 | NOTE | |
r-devel-linux-x86_64-debian-gcc | 0.1.2 | 3.90 | 47.60 | 51.50 | NOTE | |
r-devel-linux-x86_64-fedora-clang | 0.1.2 | 88.07 | NOTE | |||
r-devel-linux-x86_64-fedora-gcc | 0.1.2 | 81.94 | NOTE | |||
r-devel-windows-x86_64 | 0.1.2 | 6.00 | 67.00 | 73.00 | NOTE | |
r-patched-linux-x86_64 | 0.1.2 | 5.13 | 60.09 | 65.22 | NOTE | |
r-release-linux-x86_64 | 0.1.2 | 4.82 | 61.37 | 66.19 | NOTE | |
r-release-macos-arm64 | 0.1.2 | 30.00 | NOTE | |||
r-release-macos-x86_64 | 0.1.2 | 44.00 | NOTE | |||
r-release-windows-x86_64 | 0.1.2 | 7.00 | 76.00 | 83.00 | NOTE | |
r-oldrel-macos-arm64 | 0.1.2 | 27.00 | NOTE | |||
r-oldrel-macos-x86_64 | 0.1.2 | 51.00 | NOTE | |||
r-oldrel-windows-x86_64 | 0.1.2 | 8.00 | 80.00 | 88.00 | NOTE |
Version: 0.1.2
Check: LazyData
Result: NOTE
'LazyData' is specified without a 'data' directory
Flavors: r-devel-linux-x86_64-debian-clang, r-devel-linux-x86_64-debian-gcc, r-devel-linux-x86_64-fedora-clang, r-devel-linux-x86_64-fedora-gcc, r-devel-windows-x86_64, r-patched-linux-x86_64, r-release-linux-x86_64, r-release-macos-arm64, r-release-macos-x86_64, r-release-windows-x86_64, r-oldrel-macos-arm64, r-oldrel-macos-x86_64, r-oldrel-windows-x86_64