CRAN Package Check Results for Package xseq

Last updated on 2020-09-24 12:50:56 CEST.

Flavor Version Tinstall Tcheck Ttotal Status Flags
r-devel-linux-x86_64-debian-clang 0.2.1 7.03 173.93 180.96 NOTE
r-devel-linux-x86_64-debian-gcc 0.2.1 5.88 126.23 132.11 NOTE
r-devel-linux-x86_64-fedora-clang 0.2.1 247.55 NOTE
r-devel-linux-x86_64-fedora-gcc 0.2.1 223.77 NOTE
r-devel-windows-ix86+x86_64 0.2.1 16.00 206.00 222.00 OK
r-patched-linux-x86_64 0.2.1 6.95 170.37 177.32 OK
r-patched-solaris-x86 0.2.1 284.20 OK
r-release-linux-x86_64 0.2.1 5.65 171.50 177.15 OK
r-release-macos-x86_64 0.2.1 OK
r-release-windows-ix86+x86_64 0.2.1 16.00 244.00 260.00 OK
r-oldrel-macos-x86_64 0.2.1 OK
r-oldrel-windows-ix86+x86_64 0.2.1 9.00 231.00 240.00 OK

Check Details

Version: 0.2.1
Check: R code for possible problems
Result: NOTE
    Possibly missing '()' after 'return' in the following functions:
     'GetExpressionDistribution' 'InferXseqPosterior'
Flavors: r-devel-linux-x86_64-debian-clang, r-devel-linux-x86_64-debian-gcc, r-devel-linux-x86_64-fedora-clang, r-devel-linux-x86_64-fedora-gcc

Version: 0.2.1
Check: compiled code
Result: NOTE
    File ‘xseq/libs/xseq.so’:
     Found no call to: ‘R_useDynamicSymbols’
    
    It is good practice to register native routines and to disable symbol
    search.
    
    See ‘Writing portable packages’ in the ‘Writing R Extensions’ manual.
Flavors: r-devel-linux-x86_64-fedora-clang, r-devel-linux-x86_64-fedora-gcc