Last updated on 2024-04-30 21:50:32 CEST.
Flavor | Version | Tinstall | Tcheck | Ttotal | Status | Flags |
---|---|---|---|---|---|---|
r-devel-linux-x86_64-debian-clang | 0.4.0 | 10.37 | 88.89 | 99.26 | OK | |
r-devel-linux-x86_64-debian-gcc | 0.4.0 | 8.17 | 65.42 | 73.59 | OK | |
r-devel-linux-x86_64-fedora-clang | 0.4.0 | 121.67 | OK | |||
r-devel-linux-x86_64-fedora-gcc | 0.4.0 | 116.20 | OK | |||
r-devel-windows-x86_64 | 0.4.0 | 11.00 | 79.00 | 90.00 | OK | |
r-patched-linux-x86_64 | 0.4.0 | 7.03 | 84.62 | 91.65 | OK | |
r-release-linux-x86_64 | 0.4.0 | 7.13 | 83.25 | 90.38 | OK | |
r-release-macos-arm64 | 0.4.0 | 40.00 | OK | |||
r-release-windows-x86_64 | 0.4.0 | 10.00 | 78.00 | 88.00 | OK | |
r-oldrel-macos-arm64 | 0.4.0 | 39.00 | OK | |||
r-oldrel-macos-x86_64 | 0.4.0 | 62.00 | NOTE | |||
r-oldrel-windows-x86_64 | 0.4.0 | 13.00 | 91.00 | 104.00 | OK |
Version: 0.4.0
Check: package dependencies
Result: NOTE
Package suggested but not available for checking: ‘nlmixr2’
Flavor: r-oldrel-macos-x86_64