Last updated on 2024-03-28 12:50:52 CET.
Flavor | Version | Tinstall | Tcheck | Ttotal | Status | Flags |
---|---|---|---|---|---|---|
r-devel-linux-x86_64-debian-clang | 0.1.2 | 30.44 | 31.85 | 62.29 | NOTE | |
r-devel-linux-x86_64-debian-gcc | 0.1.2 | 19.71 | 24.72 | 44.43 | NOTE | |
r-devel-linux-x86_64-fedora-clang | 0.1.2 | 88.78 | NOTE | |||
r-devel-linux-x86_64-fedora-gcc | 0.1.2 | 81.54 | NOTE | |||
r-devel-windows-x86_64 | 0.1.2 | 25.00 | 65.00 | 90.00 | OK | |
r-patched-linux-x86_64 | 0.1.2 | 25.65 | 30.32 | 55.97 | NOTE | |
r-release-linux-x86_64 | 0.1.2 | 23.68 | 30.71 | 54.39 | NOTE | |
r-release-macos-arm64 | 0.1.2 | 27.00 | OK | |||
r-release-macos-x86_64 | 0.1.2 | 39.00 | OK | |||
r-release-windows-x86_64 | 0.1.2 | 31.00 | 72.00 | 103.00 | OK | |
r-oldrel-macos-arm64 | 0.1.2 | 24.00 | OK | |||
r-oldrel-windows-x86_64 | 0.1.2 | 29.00 | 72.00 | 101.00 | OK |
Version: 0.1.2
Check: package dependencies
Result: NOTE
Package suggested but not available for checking: ‘rbokeh’
Flavors: r-devel-linux-x86_64-debian-clang, r-devel-linux-x86_64-debian-gcc, r-devel-linux-x86_64-fedora-clang, r-devel-linux-x86_64-fedora-gcc, r-patched-linux-x86_64, r-release-linux-x86_64