CRAN Package Check Results for Package xplain

Last updated on 2024-05-19 02:51:34 CEST.

Flavor Version Tinstall Tcheck Ttotal Status Flags
r-devel-linux-x86_64-debian-clang 0.2.2 2.65 27.41 30.06 NOTE
r-devel-linux-x86_64-debian-gcc 0.2.2 2.56 21.10 23.66 NOTE
r-devel-linux-x86_64-fedora-clang 0.2.2 38.99 NOTE
r-devel-linux-x86_64-fedora-gcc 0.2.2 42.19 NOTE
r-devel-windows-x86_64 0.2.2 4.00 42.00 46.00 NOTE
r-patched-linux-x86_64 0.2.2 1.94 25.75 27.69 NOTE
r-release-linux-x86_64 0.2.2 2.10 25.40 27.50 NOTE
r-release-macos-arm64 0.2.2 17.00 NOTE
r-release-windows-x86_64 0.2.2 5.00 43.00 48.00 NOTE
r-oldrel-macos-arm64 0.2.2 17.00 NOTE
r-oldrel-macos-x86_64 0.2.2 21.00 NOTE
r-oldrel-windows-x86_64 0.2.2 5.00 46.00 51.00 NOTE

Check Details

Version: 0.2.2
Check: LazyData
Result: NOTE 'LazyData' is specified without a 'data' directory Flavors: r-devel-linux-x86_64-debian-clang, r-devel-linux-x86_64-debian-gcc, r-devel-linux-x86_64-fedora-clang, r-devel-linux-x86_64-fedora-gcc, r-devel-windows-x86_64, r-patched-linux-x86_64, r-release-linux-x86_64, r-release-macos-arm64, r-release-windows-x86_64, r-oldrel-macos-arm64, r-oldrel-macos-x86_64, r-oldrel-windows-x86_64

Version: 0.2.2
Check: dependencies in R code
Result: NOTE Namespace in Imports field not imported from: ‘RCurl’ All declared Imports should be used. Flavors: r-devel-linux-x86_64-fedora-clang, r-devel-linux-x86_64-fedora-gcc