Last updated on 2024-04-24 12:56:51 CEST.
Flavor | Version | Tinstall | Tcheck | Ttotal | Status | Flags |
---|---|---|---|---|---|---|
r-devel-linux-x86_64-debian-clang | 1.1.1 | 5.30 | 53.06 | 58.36 | NOTE | |
r-devel-linux-x86_64-debian-gcc | 1.1.1 | 4.68 | 39.69 | 44.37 | NOTE | |
r-devel-linux-x86_64-fedora-clang | 1.1.1 | 74.57 | NOTE | |||
r-devel-linux-x86_64-fedora-gcc | 1.1.1 | 84.81 | NOTE | |||
r-devel-windows-x86_64 | 1.1.1 | 8.00 | 58.00 | 66.00 | NOTE | |
r-patched-linux-x86_64 | 1.1.1 | 5.36 | 49.55 | 54.91 | NOTE | |
r-release-linux-x86_64 | 1.1.1 | 4.05 | 46.17 | 50.22 | NOTE | |
r-release-macos-arm64 | 1.1.1 | 29.00 | NOTE | |||
r-release-windows-x86_64 | 1.1.1 | 7.00 | 57.00 | 64.00 | NOTE | |
r-oldrel-macos-arm64 | 1.1.1 | 21.00 | NOTE | |||
r-oldrel-macos-x86_64 | 1.1.1 | 48.00 | NOTE | |||
r-oldrel-windows-x86_64 | 1.1.1 | 8.00 | 68.00 | 76.00 | NOTE |
Version: 1.1.1
Check: LazyData
Result: NOTE
'LazyData' is specified without a 'data' directory
Flavors: r-devel-linux-x86_64-debian-clang, r-devel-linux-x86_64-debian-gcc, r-devel-linux-x86_64-fedora-clang, r-devel-linux-x86_64-fedora-gcc, r-devel-windows-x86_64, r-patched-linux-x86_64, r-release-linux-x86_64, r-release-macos-arm64, r-release-windows-x86_64, r-oldrel-macos-arm64, r-oldrel-macos-x86_64, r-oldrel-windows-x86_64
Version: 1.1.1
Check: dependencies in R code
Result: NOTE
Namespaces in Imports field not imported from:
‘qpdf’ ‘rlang’ ‘tibble’
All declared Imports should be used.
Flavors: r-devel-linux-x86_64-fedora-clang, r-devel-linux-x86_64-fedora-gcc, r-oldrel-macos-arm64