CRAN Package Check Results for Package xlutils3

Last updated on 2022-10-06 21:50:10 CEST.

Flavor Version Tinstall Tcheck Ttotal Status Flags
r-devel-linux-x86_64-debian-clang 0.1.0 1.93 25.20 27.13 NOTE
r-devel-linux-x86_64-debian-gcc 0.1.0 1.77 19.65 21.42 NOTE
r-devel-linux-x86_64-fedora-clang 0.1.0 45.73 NOTE
r-devel-linux-x86_64-fedora-gcc 0.1.0 44.10 NOTE
r-devel-windows-x86_64 0.1.0 14.00 53.00 67.00 NOTE
r-patched-linux-x86_64 0.1.0 1.70 24.56 26.26 NOTE
r-release-linux-x86_64 0.1.0 1.70 23.92 25.62 NOTE
r-release-macos-arm64 0.1.0 17.00 NOTE
r-release-macos-x86_64 0.1.0 29.00 NOTE
r-release-windows-x86_64 0.1.0 26.00 51.00 77.00 NOTE
r-oldrel-macos-arm64 0.1.0 21.00 NOTE
r-oldrel-macos-x86_64 0.1.0 31.00 NOTE
r-oldrel-windows-ix86+x86_64 0.1.0 5.00 52.00 57.00 NOTE

Check Details

Version: 0.1.0
Check: LazyData
Result: NOTE
     'LazyData' is specified without a 'data' directory
Flavors: r-devel-linux-x86_64-debian-clang, r-devel-linux-x86_64-debian-gcc, r-devel-linux-x86_64-fedora-clang, r-devel-linux-x86_64-fedora-gcc, r-devel-windows-x86_64, r-patched-linux-x86_64, r-release-linux-x86_64, r-release-macos-arm64, r-release-macos-x86_64, r-release-windows-x86_64, r-oldrel-macos-arm64, r-oldrel-macos-x86_64, r-oldrel-windows-ix86+x86_64