CRAN Package Check Results for Package xgb2sql

Last updated on 2023-04-01 12:56:42 CEST.

Flavor Version Tinstall Tcheck Ttotal Status Flags
r-devel-linux-x86_64-debian-clang 0.1.2 2.63 43.21 45.84 NOTE
r-devel-linux-x86_64-debian-gcc 0.1.2 2.31 32.50 34.81 NOTE
r-devel-linux-x86_64-fedora-clang 0.1.2 59.06 NOTE
r-devel-linux-x86_64-fedora-gcc 0.1.2 67.19 NOTE
r-patched-linux-x86_64 0.1.2 2.63 40.63 43.26 NOTE
r-release-linux-x86_64 0.1.2 3.07 42.54 45.61 NOTE
r-release-macos-arm64 0.1.2 25.00 NOTE
r-release-macos-x86_64 0.1.2 32.00 NOTE
r-release-windows-x86_64 0.1.2 11.00 83.00 94.00 NOTE
r-oldrel-macos-arm64 0.1.2 24.00 NOTE
r-oldrel-macos-x86_64 0.1.2 43.00 NOTE
r-oldrel-windows-ix86+x86_64 0.1.2 7.00 71.00 78.00 NOTE

Check Details

Version: 0.1.2
Check: LazyData
Result: NOTE
     'LazyData' is specified without a 'data' directory
Flavors: r-devel-linux-x86_64-debian-clang, r-devel-linux-x86_64-debian-gcc, r-devel-linux-x86_64-fedora-clang, r-devel-linux-x86_64-fedora-gcc, r-patched-linux-x86_64, r-release-linux-x86_64, r-release-macos-arm64, r-release-macos-x86_64, r-release-windows-x86_64, r-oldrel-macos-arm64, r-oldrel-macos-x86_64, r-oldrel-windows-ix86+x86_64

Version: 0.1.2
Check: for non-standard things in the check directory
Result: NOTE
    Found the following files/directories:
     ‘xgb.txt’
Flavors: r-devel-linux-x86_64-debian-clang, r-devel-linux-x86_64-debian-gcc, r-devel-linux-x86_64-fedora-clang, r-devel-linux-x86_64-fedora-gcc, r-patched-linux-x86_64, r-release-linux-x86_64