CRAN Package Check Results for Package xergm.common

Last updated on 2020-08-08 12:49:21 CEST.

Flavor Version Tinstall Tcheck Ttotal Status Flags
r-devel-linux-x86_64-debian-clang 1.7.8 10.71 81.76 92.47 OK
r-devel-linux-x86_64-debian-gcc 1.7.8 9.12 61.67 70.79 OK
r-devel-linux-x86_64-fedora-clang 1.7.8 126.67 NOTE
r-devel-linux-x86_64-fedora-gcc 1.7.8 109.73 OK
r-devel-windows-ix86+x86_64 1.7.8 21.00 121.00 142.00 OK
r-patched-linux-x86_64 1.7.8 9.45 79.22 88.67 OK
r-patched-solaris-x86 1.7.8 169.90 OK
r-release-linux-x86_64 1.7.8 10.32 79.50 89.82 OK
r-release-macos-x86_64 1.7.8 OK
r-release-windows-ix86+x86_64 1.7.8 35.00 136.00 171.00 OK
r-oldrel-macos-x86_64 1.7.8 OK
r-oldrel-windows-ix86+x86_64 1.7.8 17.00 90.00 107.00 OK

Check Details

Version: 1.7.8
Check: Rd cross-references
Result: NOTE
    Undeclared package ‘RSiena’ in Rd xrefs
Flavor: r-devel-linux-x86_64-fedora-clang