Last updated on 2025-02-08 06:48:54 CET.
Flavor | Version | Tinstall | Tcheck | Ttotal | Status | Flags |
---|---|---|---|---|---|---|
r-devel-linux-x86_64-debian-clang | 2.3 | 13.78 | 104.99 | 118.77 | OK | |
r-devel-linux-x86_64-debian-gcc | 2.3 | 9.85 | 73.64 | 83.49 | OK | |
r-devel-linux-x86_64-fedora-clang | 2.3 | 180.24 | OK | |||
r-devel-linux-x86_64-fedora-gcc | 2.3 | 180.41 | OK | |||
r-devel-windows-x86_64 | 2.3 | 4.00 | 6.00 | 10.00 | ERROR | |
r-patched-linux-x86_64 | 2.3 | 13.58 | 95.93 | 109.51 | OK | |
r-release-linux-x86_64 | 2.3 | 14.27 | 96.94 | 111.21 | OK | |
r-release-macos-arm64 | 2.3 | 48.00 | OK | |||
r-release-macos-x86_64 | 2.3 | 82.00 | OK | |||
r-release-windows-x86_64 | 2.3 | 12.00 | 5.00 | 17.00 | ERROR | |
r-oldrel-macos-arm64 | 2.3 | 56.00 | OK | |||
r-oldrel-macos-x86_64 | 2.3 | 126.00 | OK | |||
r-oldrel-windows-x86_64 | 2.3 | 17.00 | 131.00 | 148.00 | OK |
Version: 2.3
Check: whether package can be installed
Result: ERROR
Installation failed.
Flavors: r-devel-windows-x86_64, r-release-windows-x86_64