Last updated on 2024-04-23 21:55:03 CEST.
Flavor | Version | Tinstall | Tcheck | Ttotal | Status | Flags |
---|---|---|---|---|---|---|
r-devel-linux-x86_64-debian-clang | 2.3 | 18.89 | 134.71 | 153.60 | OK | |
r-devel-linux-x86_64-debian-gcc | 2.3 | 13.75 | 96.02 | 109.77 | OK | |
r-devel-linux-x86_64-fedora-clang | 2.3 | 185.12 | OK | |||
r-devel-linux-x86_64-fedora-gcc | 2.3 | 173.24 | OK | |||
r-prerel-macos-arm64 | 2.3 | 48.00 | OK | |||
r-prerel-macos-x86_64 | 2.3 | 108.00 | OK | |||
r-prerel-windows-x86_64 | 2.3 | 16.00 | 5.00 | 21.00 | ERROR | |
r-patched-linux-x86_64 | 2.3 | 15.50 | 127.77 | 143.27 | OK | |
r-release-linux-x86_64 | 2.3 | 11.31 | 127.10 | 138.41 | OK | |
r-release-macos-arm64 | 2.3 | 56.00 | OK | |||
r-release-macos-x86_64 | 2.3 | 126.00 | OK | |||
r-release-windows-x86_64 | 2.3 | 20.00 | 128.00 | 148.00 | OK | |
r-oldrel-macos-arm64 | 2.3 | 55.00 | OK | |||
r-oldrel-windows-x86_64 | 2.3 | 20.00 | 133.00 | 153.00 | OK |
Version: 2.3
Check: whether package can be installed
Result: ERROR
Installation failed.
Flavor: r-prerel-windows-x86_64