Last updated on 2024-03-29 00:51:06 CET.
Flavor | Version | Tinstall | Tcheck | Ttotal | Status | Flags |
---|---|---|---|---|---|---|
r-devel-linux-x86_64-debian-clang | 1.1.60 | 260.04 | 28.11 | 288.15 | OK | |
r-devel-linux-x86_64-debian-gcc | 1.1.60 | 46.54 | 21.11 | 67.65 | OK | |
r-devel-linux-x86_64-fedora-clang | 1.1.60 | 306.41 | ERROR | |||
r-devel-linux-x86_64-fedora-gcc | 1.1.60 | 114.96 | OK | |||
r-devel-windows-x86_64 | 1.1.60 | 122.00 | 36.00 | 158.00 | NOTE | |
r-patched-linux-x86_64 | 1.1.60 | 51.27 | 25.92 | 77.19 | OK | |
r-release-linux-x86_64 | 1.1.60 | 50.95 | 26.26 | 77.21 | OK | |
r-release-macos-arm64 | 1.1.60 | 92.00 | OK | |||
r-release-macos-x86_64 | 1.1.60 | 89.00 | OK | |||
r-release-windows-x86_64 | 1.1.60 | 150.00 | 35.00 | 185.00 | NOTE | |
r-oldrel-macos-arm64 | 1.1.60 | 111.00 | OK | |||
r-oldrel-windows-x86_64 | 1.1.60 | 3.00 | 7.00 | 10.00 | ERROR |
Version: 1.1.60
Check: whether package can be installed
Result: ERROR
Installation failed.
Flavors: r-devel-linux-x86_64-fedora-clang, r-oldrel-windows-x86_64
Version: 1.1.60
Check: installed package size
Result: NOTE
installed size is 5.6Mb
sub-directories of 1Mb or more:
bin 5.5Mb
Flavors: r-devel-windows-x86_64, r-release-windows-x86_64