Last updated on 2024-03-28 06:53:07 CET.
Flavor | Version | Tinstall | Tcheck | Ttotal | Status | Flags |
---|---|---|---|---|---|---|
r-devel-linux-x86_64-debian-clang | 1.1.19 | 6.31 | 141.98 | 148.29 | NOTE | |
r-devel-linux-x86_64-debian-gcc | 1.1.19 | 7.18 | 108.44 | 115.62 | NOTE | |
r-devel-linux-x86_64-fedora-clang | 1.1.19 | 193.76 | NOTE | |||
r-devel-linux-x86_64-fedora-gcc | 1.1.19 | 191.68 | NOTE | |||
r-devel-windows-x86_64 | 1.1.19 | 9.00 | 143.00 | 152.00 | NOTE | |
r-patched-linux-x86_64 | 1.1.19 | 6.02 | 138.16 | 144.18 | OK | |
r-release-linux-x86_64 | 1.1.19 | 5.58 | 135.27 | 140.85 | OK | |
r-release-macos-arm64 | 1.1.19 | 68.00 | OK | |||
r-release-macos-x86_64 | 1.1.19 | 100.00 | OK | |||
r-release-windows-x86_64 | 1.1.19 | 11.00 | 174.00 | 185.00 | OK | |
r-oldrel-macos-arm64 | 1.1.19 | 56.00 | OK | |||
r-oldrel-windows-x86_64 | 1.1.19 | 12.00 | 176.00 | 188.00 | OK |
Version: 1.1.19
Check: Rd files
Result: NOTE
checkRd: (-1) completeManualPage.Rd:12: Lost braces
12 | See \emph{\bold{code{\link{ProcessingContext}}}}. Only
| ^
checkRd: (-1) produceAllManualPagesFromObject.Rd:14: Lost braces
14 | See \emph{\bold{\\code{\link{ProcessingContext}}}}.}
| ^
Flavors: r-devel-linux-x86_64-debian-clang, r-devel-linux-x86_64-debian-gcc, r-devel-linux-x86_64-fedora-clang, r-devel-linux-x86_64-fedora-gcc, r-devel-windows-x86_64