Last updated on 2024-04-19 21:56:45 CEST.
Flavor | Version | Tinstall | Tcheck | Ttotal | Status | Flags |
---|---|---|---|---|---|---|
r-devel-linux-x86_64-debian-clang | 1.1.24 | 7.26 | 88.47 | 95.73 | OK | |
r-devel-linux-x86_64-debian-gcc | 1.1.24 | OK | ||||
r-devel-linux-x86_64-fedora-clang | 1.1.24 | 120.99 | OK | |||
r-devel-linux-x86_64-fedora-gcc | 1.1.24 | 150.37 | OK | |||
r-prerel-macos-arm64 | 1.1.24 | 55.00 | OK | |||
r-prerel-windows-x86_64 | 1.1.24 | 9.00 | 96.00 | 105.00 | OK | |
r-patched-linux-x86_64 | 1.1.24 | 7.65 | 85.45 | 93.10 | OK | |
r-release-linux-x86_64 | 1.1.24 | 5.04 | 82.38 | 87.42 | OK | |
r-release-macos-arm64 | 1.1.24 | 55.00 | OK | |||
r-release-macos-x86_64 | 1.1.24 | 108.00 | OK | |||
r-release-windows-x86_64 | 1.1.24 | 10.00 | 106.00 | 116.00 | OK | |
r-oldrel-macos-arm64 | 1.1.24 | 56.00 | OK | |||
r-oldrel-windows-x86_64 | 1.1.24 | 11.00 | 111.00 | 122.00 | NOTE |
Version: 1.1.24
Check: HTML version of manual
Result: NOTE
Found the following problems:
retrieveFunctionReturnTypes.Rd:48:38: Warning: nested emphasis <code>
retrieveFunctionReturnTypes.Rd:52:38: Warning: nested emphasis <code>
retrieveFunctionReturnTypes.Rd:56:38: Warning: nested emphasis <code>
retrieveTestCaseDefinitions.Rd:52:38: Warning: nested emphasis <code>
retrieveTestCaseDefinitions.Rd:56:38: Warning: nested emphasis <code>
retrieveTestCaseDefinitions.Rd:61:38: Warning: nested emphasis <code>
Flavor: r-oldrel-windows-x86_64