CRAN Package Check Results for Package wv

Last updated on 2023-03-25 12:53:12 CET.

Flavor Version Tinstall Tcheck Ttotal Status Flags
r-devel-linux-x86_64-debian-clang 0.1.1 194.66 48.11 242.77 OK
r-devel-linux-x86_64-debian-gcc 0.1.1 140.86 37.04 177.90 OK
r-devel-linux-x86_64-fedora-clang 0.1.1 360.82 NOTE
r-devel-linux-x86_64-fedora-gcc 0.1.1 303.55 NOTE
r-patched-linux-x86_64 0.1.1 143.49 43.60 187.09 OK
r-release-linux-x86_64 0.1.1 114.08 44.02 158.10 OK
r-release-macos-arm64 0.1.1 68.00 NOTE
r-release-macos-x86_64 0.1.1 112.00 NOTE
r-release-windows-x86_64 0.1.1 205.00 103.00 308.00 OK
r-oldrel-macos-arm64 0.1.1 75.00 NOTE
r-oldrel-macos-x86_64 0.1.1 99.00 NOTE
r-oldrel-windows-ix86+x86_64 0.1.1 423.00 100.00 523.00 OK

Check Details

Version: 0.1.1
Check: dependencies in R code
Result: NOTE
    Namespace in Imports field not imported from: ‘simts’
     All declared Imports should be used.
Flavors: r-devel-linux-x86_64-fedora-clang, r-devel-linux-x86_64-fedora-gcc, r-release-macos-arm64, r-release-macos-x86_64, r-oldrel-macos-arm64, r-oldrel-macos-x86_64

Version: 0.1.1
Check: installed package size
Result: NOTE
     installed size is 8.7Mb
     sub-directories of 1Mb or more:
     help 1.6Mb
     libs 6.9Mb
Flavors: r-release-macos-arm64, r-release-macos-x86_64, r-oldrel-macos-arm64, r-oldrel-macos-x86_64