CRAN Package Check Results for Package wsyn

Last updated on 2024-06-12 21:50:08 CEST.

Flavor Version Tinstall Tcheck Ttotal Status Flags
r-devel-linux-x86_64-debian-clang 1.0.4 10.74 305.91 316.65 OK
r-devel-linux-x86_64-debian-gcc 1.0.4 10.17 147.93 158.10 ERROR
r-devel-linux-x86_64-fedora-clang 1.0.4 395.15 OK
r-devel-linux-x86_64-fedora-gcc 1.0.4 395.15 OK
r-devel-windows-x86_64 1.0.4 11.00 408.00 419.00 OK
r-patched-linux-x86_64 1.0.4 15.45 307.31 322.76 OK
r-release-linux-x86_64 1.0.4 12.17 306.14 318.31 OK
r-release-macos-arm64 1.0.4 112.00 OK
r-release-macos-x86_64 1.0.4 198.00 OK
r-release-windows-x86_64 1.0.4 11.00 419.00 430.00 OK
r-oldrel-macos-arm64 1.0.4 129.00 OK
r-oldrel-macos-x86_64 1.0.4 206.00 OK
r-oldrel-windows-x86_64 1.0.4 14.00 378.00 392.00 OK

Check Details

Version: 1.0.4
Check: package dependencies
Result: NOTE Packages suggested but not available for checking: 'testthat', 'vdiffr' Flavor: r-devel-linux-x86_64-debian-gcc

Version: 1.0.4
Check: tests
Result: ERROR Running ‘testthat.R’ [0s/1s] Running the tests in ‘tests/testthat.R’ failed. Complete output: > library(testthat) Error in library(testthat) : there is no package called 'testthat' Execution halted Flavor: r-devel-linux-x86_64-debian-gcc