CRAN Package Check Results for Package wrswoR

Last updated on 2022-09-24 21:51:17 CEST.

Flavor Version Tinstall Tcheck Ttotal Status Flags
r-devel-linux-x86_64-debian-clang 1.1.1 21.21 35.07 56.28 NOTE
r-devel-linux-x86_64-debian-gcc 1.1.1 15.88 27.90 43.78 NOTE
r-devel-linux-x86_64-fedora-clang 1.1.1 85.35 NOTE
r-devel-linux-x86_64-fedora-gcc 1.1.1 78.98 NOTE
r-devel-windows-x86_64 1.1.1 24.00 81.00 105.00 NOTE
r-patched-linux-x86_64 1.1.1 16.33 33.82 50.15 NOTE
r-release-linux-x86_64 1.1.1 15.10 33.14 48.24 NOTE
r-release-macos-arm64 1.1.1 25.00 NOTE
r-release-macos-x86_64 1.1.1 33.00 NOTE
r-release-windows-x86_64 1.1.1 25.00 81.00 106.00 NOTE
r-oldrel-macos-arm64 1.1.1 28.00 NOTE
r-oldrel-macos-x86_64 1.1.1 40.00 NOTE
r-oldrel-windows-ix86+x86_64 1.1.1 56.00 88.00 144.00 NOTE

Check Details

Version: 1.1.1
Check: LazyData
Result: NOTE
     'LazyData' is specified without a 'data' directory
Flavors: r-devel-linux-x86_64-debian-clang, r-devel-linux-x86_64-debian-gcc, r-devel-linux-x86_64-fedora-clang, r-devel-linux-x86_64-fedora-gcc, r-devel-windows-x86_64, r-patched-linux-x86_64, r-release-linux-x86_64, r-release-macos-arm64, r-release-macos-x86_64, r-release-windows-x86_64, r-oldrel-macos-arm64, r-oldrel-macos-x86_64, r-oldrel-windows-ix86+x86_64

Version: 1.1.1
Check: package dependencies
Result: NOTE
    Package suggested but not available for checking: ‘metap’
Flavor: r-release-macos-arm64