Last updated on 2024-04-17 12:27:33 CEST.
Flavor | Version | Tinstall | Tcheck | Ttotal | Status | Flags |
---|---|---|---|---|---|---|
r-devel-linux-x86_64-debian-clang | 1.2-3 | 2.73 | 54.65 | 57.38 | OK | |
r-devel-linux-x86_64-debian-gcc | 1.2-3 | 2.64 | 45.79 | 48.43 | OK | |
r-devel-linux-x86_64-fedora-clang | 1.2-3 | 76.14 | NOTE | |||
r-devel-linux-x86_64-fedora-gcc | 1.2-3 | 71.80 | OK | |||
r-prerel-macos-arm64 | 1.2-3 | 30.00 | NOTE | |||
r-prerel-windows-x86_64 | 1.2-3 | 6.00 | 75.00 | 81.00 | NOTE | |
r-patched-linux-x86_64 | 1.2-3 | 3.67 | 56.45 | 60.12 | OK | |
r-release-linux-x86_64 | 1.2-3 | 4.02 | 57.40 | 61.42 | OK | |
r-release-macos-arm64 | 1.2-3 | 34.00 | NOTE | |||
r-release-macos-x86_64 | 1.2-3 | 44.00 | NOTE | |||
r-release-windows-x86_64 | 1.2-3 | 5.00 | 82.00 | 87.00 | NOTE | |
r-oldrel-macos-arm64 | 1.2-3 | 28.00 | NOTE | |||
r-oldrel-windows-x86_64 | 1.2-3 | 8.00 | 81.00 | 89.00 | NOTE |
Version: 1.2-3
Check: installed package size
Result: NOTE
installed size is 11.6Mb
sub-directories of 1Mb or more:
data 11.4Mb
Flavors: r-devel-linux-x86_64-fedora-clang, r-prerel-macos-arm64, r-prerel-windows-x86_64, r-release-macos-arm64, r-release-macos-x86_64, r-release-windows-x86_64, r-oldrel-macos-arm64, r-oldrel-windows-x86_64