Last updated on 2025-02-01 12:48:43 CET.
Flavor | Version | Tinstall | Tcheck | Ttotal | Status | Flags |
---|---|---|---|---|---|---|
r-devel-linux-x86_64-debian-clang | 2.2-1 | 2.37 | 32.91 | 35.28 | NOTE | |
r-devel-linux-x86_64-debian-gcc | 2.2-1 | 1.84 | 27.14 | 28.98 | NOTE | |
r-devel-linux-x86_64-fedora-clang | 2.2-1 | 51.10 | NOTE | |||
r-devel-linux-x86_64-fedora-gcc | 2.2-1 | 51.48 | NOTE | |||
r-devel-windows-x86_64 | 2.2-1 | 7.00 | 61.00 | 68.00 | NOTE | |
r-patched-linux-x86_64 | 2.2-1 | 1.92 | 31.74 | 33.66 | NOTE | |
r-release-linux-x86_64 | 2.2-1 | 1.87 | 31.68 | 33.55 | NOTE | |
r-release-macos-arm64 | 2.2-1 | 30.00 | NOTE | |||
r-release-macos-x86_64 | 2.2-1 | 36.00 | NOTE | |||
r-release-windows-x86_64 | 2.2-1 | 5.00 | 58.00 | 63.00 | NOTE | |
r-oldrel-macos-arm64 | 2.2-1 | 28.00 | NOTE | |||
r-oldrel-macos-x86_64 | 2.2-1 | 34.00 | NOTE | |||
r-oldrel-windows-x86_64 | 2.2-1 | 5.00 | 60.00 | 65.00 | NOTE |
Version: 2.2-1
Check: DESCRIPTION meta-information
Result: NOTE
Malformed Description field: should contain one or more complete sentences.
Flavors: r-devel-linux-x86_64-debian-clang, r-devel-linux-x86_64-debian-gcc, r-devel-linux-x86_64-fedora-clang, r-devel-linux-x86_64-fedora-gcc, r-devel-windows-x86_64, r-patched-linux-x86_64, r-release-linux-x86_64, r-release-macos-arm64, r-release-macos-x86_64, r-release-windows-x86_64, r-oldrel-macos-arm64, r-oldrel-macos-x86_64, r-oldrel-windows-x86_64
Version: 2.2-1
Check: installed package size
Result: NOTE
installed size is 12.8Mb
sub-directories of 1Mb or more:
data 12.7Mb
Flavors: r-release-macos-arm64, r-release-macos-x86_64, r-release-windows-x86_64, r-oldrel-macos-arm64, r-oldrel-macos-x86_64, r-oldrel-windows-x86_64