Last updated on 2024-04-18 21:57:10 CEST.
Flavor | Version | Tinstall | Tcheck | Ttotal | Status | Flags |
---|---|---|---|---|---|---|
r-devel-linux-x86_64-debian-clang | 0.3.0 | 2.85 | 34.99 | 37.84 | NOTE | |
r-devel-linux-x86_64-debian-gcc | 0.3.0 | 3.23 | 26.71 | 29.94 | NOTE | |
r-devel-linux-x86_64-fedora-clang | 0.3.0 | 48.92 | NOTE | |||
r-devel-linux-x86_64-fedora-gcc | 0.3.0 | 46.46 | NOTE | |||
r-prerel-macos-arm64 | 0.3.0 | 19.00 | NOTE | |||
r-prerel-windows-x86_64 | 0.3.0 | 6.00 | 49.00 | 55.00 | NOTE | |
r-patched-linux-x86_64 | 0.3.0 | 4.33 | 34.18 | 38.51 | NOTE | |
r-release-linux-x86_64 | 0.3.0 | 3.72 | 33.43 | 37.15 | NOTE | |
r-release-macos-arm64 | 0.3.0 | 17.00 | NOTE | |||
r-release-macos-x86_64 | 0.3.0 | 24.00 | NOTE | |||
r-release-windows-x86_64 | 0.3.0 | 5.00 | 52.00 | 57.00 | NOTE | |
r-oldrel-macos-arm64 | 0.3.0 | 20.00 | NOTE | |||
r-oldrel-windows-x86_64 | 0.3.0 | 6.00 | 55.00 | 61.00 | NOTE |
Version: 0.3.0
Check: LazyData
Result: NOTE
'LazyData' is specified without a 'data' directory
Flavors: r-devel-linux-x86_64-debian-clang, r-devel-linux-x86_64-debian-gcc, r-devel-linux-x86_64-fedora-clang, r-devel-linux-x86_64-fedora-gcc, r-prerel-macos-arm64, r-prerel-windows-x86_64, r-patched-linux-x86_64, r-release-linux-x86_64, r-release-macos-arm64, r-release-macos-x86_64, r-release-windows-x86_64, r-oldrel-macos-arm64, r-oldrel-windows-x86_64