CRAN Package Check Results for Package worms

Last updated on 2021-08-01 06:49:46 CEST.

Flavor Version Tinstall Tcheck Ttotal Status Flags
r-devel-linux-x86_64-debian-clang 0.2.2 2.76 29.39 32.15 NOTE
r-devel-linux-x86_64-debian-gcc 0.2.2 2.30 23.07 25.37 NOTE
r-devel-linux-x86_64-fedora-clang 0.2.2 48.34 NOTE
r-devel-linux-x86_64-fedora-gcc 0.2.2 37.59 NOTE
r-devel-windows-x86_64 0.2.2 4.00 49.00 53.00 OK
r-devel-windows-x86_64-gcc10-UCRT 0.2.2 OK
r-patched-linux-x86_64 0.2.2 NOTE
r-patched-solaris-x86 0.2.2 59.90 NOTE
r-release-linux-x86_64 0.2.2 2.81 28.43 31.24 NOTE
r-release-macos-arm64 0.2.2 OK
r-release-macos-x86_64 0.2.2 OK
r-release-windows-ix86+x86_64 0.2.2 7.00 39.00 46.00 OK
r-oldrel-macos-x86_64 0.2.2 OK
r-oldrel-windows-ix86+x86_64 0.2.2 6.00 50.00 56.00 OK

Check Details

Version: 0.2.2
Check: for non-standard things in the check directory
Result: NOTE
    Found the following files/directories:
     'aphiainfo.csv' 'tax.csv'
Flavors: r-devel-linux-x86_64-debian-clang, r-devel-linux-x86_64-debian-gcc, r-devel-linux-x86_64-fedora-clang, r-devel-linux-x86_64-fedora-gcc, r-patched-linux-x86_64, r-patched-solaris-x86, r-release-linux-x86_64