CRAN Package Check Results for Package wordbankr

Last updated on 2020-08-11 21:48:46 CEST.

Flavor Version Tinstall Tcheck Ttotal Status Flags
r-devel-linux-x86_64-debian-clang 0.3.0 4.03 46.62 50.65 OK
r-devel-linux-x86_64-debian-gcc 0.3.0 0.34 1.98 2.32 ERROR
r-devel-linux-x86_64-fedora-clang 0.3.0 68.62 NOTE
r-devel-linux-x86_64-fedora-gcc 0.3.0 60.38 NOTE
r-devel-windows-ix86+x86_64 0.3.0 12.00 179.00 191.00 OK
r-patched-linux-x86_64 0.3.0 3.83 45.73 49.56 OK
r-patched-solaris-x86 0.3.0 86.30 NOTE
r-release-linux-x86_64 0.3.0 0.39 2.73 3.12 ERROR
r-release-macos-x86_64 0.3.0 NOTE
r-release-windows-ix86+x86_64 0.3.0 14.00 175.00 189.00 OK
r-oldrel-macos-x86_64 0.3.0 NOTE
r-oldrel-windows-ix86+x86_64 0.3.0 7.00 161.00 168.00 OK

Check Details

Version: 0.3.0
Check: package dependencies
Result: ERROR
    Package required but not available: ‘tidyr’
    
    See section ‘The DESCRIPTION file’ in the ‘Writing R Extensions’
    manual.
Flavors: r-devel-linux-x86_64-debian-gcc, r-release-linux-x86_64

Version: 0.3.0
Check: dependencies in R code
Result: NOTE
    Namespace in Imports field not imported from: ‘dbplyr’
     All declared Imports should be used.
Flavors: r-devel-linux-x86_64-fedora-clang, r-devel-linux-x86_64-fedora-gcc, r-patched-solaris-x86, r-release-macos-x86_64, r-oldrel-macos-x86_64