CRAN Package Check Results for Package wordbankr

Last updated on 2022-05-20 12:53:40 CEST.

Flavor Version Tinstall Tcheck Ttotal Status Flags
r-devel-linux-x86_64-debian-clang 0.3.1 12.59 138.70 151.29 OK
r-devel-linux-x86_64-debian-gcc 0.3.1 10.91 102.73 113.64 OK
r-devel-linux-x86_64-fedora-clang 0.3.1 181.89 NOTE
r-devel-linux-x86_64-fedora-gcc 0.3.1 172.67 NOTE
r-devel-windows-x86_64 0.3.1 31.00 254.00 285.00 OK
r-patched-linux-x86_64 0.3.1 11.16 129.48 140.64 OK
r-release-linux-x86_64 0.3.1 10.07 131.38 141.45 OK
r-release-macos-arm64 0.3.1 147.00 NOTE
r-release-macos-x86_64 0.3.1 176.00 NOTE
r-release-windows-x86_64 0.3.1 30.00 258.00 288.00 OK
r-oldrel-macos-arm64 0.3.1 155.00 NOTE
r-oldrel-macos-x86_64 0.3.1 163.00 NOTE
r-oldrel-windows-ix86+x86_64 0.3.1 28.00 262.00 290.00 OK

Check Details

Version: 0.3.1
Check: dependencies in R code
Result: NOTE
    Namespace in Imports field not imported from: ‘dbplyr’
     All declared Imports should be used.
Flavors: r-devel-linux-x86_64-fedora-clang, r-devel-linux-x86_64-fedora-gcc, r-release-macos-arm64, r-release-macos-x86_64, r-oldrel-macos-arm64, r-oldrel-macos-x86_64