CRAN Package Check Results for Package word2vec

Last updated on 2022-01-27 21:50:17 CET.

Flavor Version Tinstall Tcheck Ttotal Status Flags
r-devel-linux-x86_64-debian-clang 0.3.4 124.97 44.29 169.26 OK
r-devel-linux-x86_64-debian-gcc 0.3.4 83.45 34.34 117.79 OK
r-devel-linux-x86_64-fedora-clang 0.3.4 256.26 OK
r-devel-linux-x86_64-fedora-gcc 0.3.4 211.45 OK
r-devel-windows-x86_64-new-UL 0.3.4 127.00 92.00 219.00 OK
r-devel-windows-x86_64-new-TK 0.3.4 OK
r-patched-linux-x86_64 0.3.4 100.91 41.15 142.06 OK
r-release-linux-x86_64 0.3.4 101.46 41.16 142.62 OK
r-release-macos-arm64 0.3.4 NOTE
r-release-macos-x86_64 0.3.4 OK
r-release-windows-ix86+x86_64 0.3.4 288.00 81.00 369.00 OK
r-oldrel-macos-x86_64 0.3.4 OK
r-oldrel-windows-ix86+x86_64 0.3.4 291.00 82.00 373.00 OK

Check Details

Version: 0.3.4
Check: installed package size
Result: NOTE
     installed size is 5.9Mb
     sub-directories of 1Mb or more:
     libs 5.6Mb
Flavor: r-release-macos-arm64