Last updated on 2025-05-21 12:48:46 CEST.
Flavor | Version | Tinstall | Tcheck | Ttotal | Status | Flags |
---|---|---|---|---|---|---|
r-devel-linux-x86_64-debian-clang | 1.5 | 8.27 | 38.55 | 46.82 | NOTE | |
r-devel-linux-x86_64-debian-gcc | 1.5 | 6.15 | 40.12 | 46.27 | NOTE | |
r-devel-linux-x86_64-fedora-clang | 1.5 | 76.10 | OK | |||
r-devel-linux-x86_64-fedora-gcc | 1.5 | 134.33 | OK | |||
r-devel-windows-x86_64 | 1.5 | 12.00 | 154.00 | 166.00 | OK | |
r-patched-linux-x86_64 | 1.5 | 7.48 | 52.84 | 60.32 | OK | |
r-release-linux-x86_64 | 1.5 | 6.99 | 53.99 | 60.98 | OK | |
r-release-macos-arm64 | 1.5 | 56.00 | OK | |||
r-release-macos-x86_64 | 1.5 | 107.00 | OK | |||
r-release-windows-x86_64 | 1.5 | 13.00 | 155.00 | 168.00 | OK | |
r-oldrel-macos-arm64 | 1.5 | 53.00 | OK | |||
r-oldrel-macos-x86_64 | 1.5 | 157.00 | OK | |||
r-oldrel-windows-x86_64 | 1.5 | 13.00 | 165.00 | 178.00 | OK |
Version: 1.5
Check: CRAN incoming feasibility
Result: NOTE
Maintainer: ‘Jeffrey B. Lewis <jblewis@ucla.edu>’
No Authors@R field in DESCRIPTION.
Please add one, modifying
Authors@R: c(person(given = "Keith",
family = "Poole",
role = "aut",
email = "ktpoole@uga.edu"),
person(given = "Jeffrey",
family = "Lewis",
role = "aut",
email = "jblewis@ucla.edu"),
person(given = "James",
family = "Lo",
role = "aut",
email = "lojames@usc.edu"),
person(given = "Royce",
family = "Carroll",
role = "aut",
email = "rcarroll@rice.edu"),
person(given = c("Jeffrey", "B."),
family = "Lewis",
role = "cre",
email = "jblewis@ucla.edu"))
as necessary.
Flavors: r-devel-linux-x86_64-debian-clang, r-devel-linux-x86_64-debian-gcc