Last updated on 2023-12-11 12:52:30 CET.
Flavor | Version | Tinstall | Tcheck | Ttotal | Status | Flags |
---|---|---|---|---|---|---|
r-devel-linux-x86_64-debian-clang | 0.9.1 | 25.72 | 94.53 | 120.25 | OK | |
r-devel-linux-x86_64-debian-gcc | 0.9.1 | 16.33 | 72.06 | 88.39 | OK | |
r-devel-linux-x86_64-fedora-clang | 0.9.1 | 166.06 | NOTE | |||
r-devel-linux-x86_64-fedora-gcc | 0.9.1 | 161.52 | NOTE | |||
r-devel-windows-x86_64 | 0.9.1 | 41.00 | 113.00 | 154.00 | OK | |
r-patched-linux-x86_64 | 0.9.1 | 25.22 | 92.36 | 117.58 | OK | |
r-release-linux-x86_64 | 0.9.1 | 23.83 | 93.03 | 116.86 | OK | |
r-release-macos-arm64 | 0.9.1 | 60.00 | OK | |||
r-release-macos-x86_64 | 0.9.1 | 132.00 | OK | |||
r-release-windows-x86_64 | 0.9.1 | 35.00 | 137.00 | 172.00 | OK | |
r-oldrel-macos-arm64 | 0.9.1 | 70.00 | OK | |||
r-oldrel-macos-x86_64 | 0.9.0 | 92.00 | OK | |||
r-oldrel-windows-x86_64 | 0.9.1 | 41.00 | 103.00 | 144.00 | OK |
Version: 0.9.1
Check: data for non-ASCII characters
Result: NOTE
Note: found 3881 marked UTF-8 strings
Flavors: r-devel-linux-x86_64-fedora-clang, r-devel-linux-x86_64-fedora-gcc