CRAN Package Check Results for Package windex

Last updated on 2025-02-01 21:49:29 CET.

Flavor Version Tinstall Tcheck Ttotal Status Flags
r-devel-linux-x86_64-debian-clang 2.0.8 9.72 78.16 87.88 NOTE
r-devel-linux-x86_64-debian-gcc 2.0.8 7.01 58.99 66.00 NOTE
r-devel-linux-x86_64-fedora-clang 2.0.8 141.78 OK
r-devel-linux-x86_64-fedora-gcc 2.0.8 133.61 OK
r-devel-windows-x86_64 2.0.8 12.00 91.00 103.00 NOTE
r-patched-linux-x86_64 2.0.8 13.67 73.23 86.90 OK
r-release-linux-x86_64 2.0.8 9.98 73.20 83.18 OK
r-release-macos-arm64 2.0.8 44.00 OK
r-release-macos-x86_64 2.0.8 56.00 OK
r-release-windows-x86_64 2.0.8 12.00 91.00 103.00 OK
r-oldrel-macos-arm64 2.0.8 51.00 OK
r-oldrel-macos-x86_64 2.0.8 84.00 OK
r-oldrel-windows-x86_64 2.0.8 14.00 113.00 127.00 OK

Check Details

Version: 2.0.8
Check: Rd cross-references
Result: NOTE Found the following Rd file(s) with Rd \link{} targets missing package anchors: richYuleInputs.Rd: richness.yule.test Please provide package anchors for all Rd \link{} targets not in the package itself and the base packages. Flavors: r-devel-linux-x86_64-debian-clang, r-devel-linux-x86_64-debian-gcc, r-devel-windows-x86_64