CRAN Package Check Results for Package wildviz

Last updated on 2023-01-29 12:55:45 CET.

Flavor Version Tinstall Tcheck Ttotal Status Flags
r-devel-linux-x86_64-debian-clang 0.1.2 41.51 83.68 125.19 OK
r-devel-linux-x86_64-debian-gcc 0.1.2 40.04 62.37 102.41 OK
r-devel-linux-x86_64-fedora-clang 0.1.2 175.80 NOTE
r-devel-linux-x86_64-fedora-gcc 0.1.2 181.83 NOTE
r-patched-linux-x86_64 0.1.2 41.18 79.44 120.62 OK
r-release-linux-x86_64 0.1.2 37.15 81.86 119.01 OK
r-release-macos-arm64 0.1.2 70.00 NOTE
r-release-macos-x86_64 0.1.2 94.00 NOTE
r-release-windows-x86_64 0.1.2 57.00 114.00 171.00 OK
r-oldrel-macos-arm64 0.1.2 88.00 NOTE
r-oldrel-macos-x86_64 0.1.2 79.00 NOTE
r-oldrel-windows-ix86+x86_64 0.1.2 70.00 109.00 179.00 OK

Check Details

Version: 0.1.2
Check: dependencies in R code
Result: NOTE
    Namespaces in Imports field not imported from:
     ‘ggplot2’ ‘ggthemes’ ‘plotly’ ‘shinythemes’
     All declared Imports should be used.
Flavors: r-devel-linux-x86_64-fedora-clang, r-devel-linux-x86_64-fedora-gcc, r-release-macos-arm64, r-release-macos-x86_64, r-oldrel-macos-arm64, r-oldrel-macos-x86_64

Version: 0.1.2
Check: installed package size
Result: NOTE
     installed size is 5.5Mb
     sub-directories of 1Mb or more:
     data 5.1Mb
Flavors: r-release-macos-arm64, r-oldrel-macos-arm64