CRAN Package Check Results for Package wikilake

Last updated on 2020-06-07 06:47:02 CEST.

Flavor Version Tinstall Tcheck Ttotal Status Flags
r-devel-linux-x86_64-debian-clang 0.4 3.91 41.26 45.17 OK
r-devel-linux-x86_64-debian-gcc 0.4 3.44 32.80 36.24 OK
r-devel-linux-x86_64-fedora-clang 0.4 62.30 NOTE
r-devel-linux-x86_64-fedora-gcc 0.4 55.91 NOTE
r-devel-windows-ix86+x86_64 0.4 20.00 78.00 98.00 OK
r-patched-linux-x86_64 0.4 4.40 41.80 46.20 OK
r-patched-solaris-x86 0.4 89.30 NOTE
r-release-linux-x86_64 0.4 4.37 41.51 45.88 OK
r-release-osx-x86_64 0.4 NOTE
r-release-windows-ix86+x86_64 0.4 29.00 81.00 110.00 OK
r-oldrel-osx-x86_64 0.4 NOTE
r-oldrel-windows-ix86+x86_64 0.4 14.00 54.00 68.00 OK

Check Details

Version: 0.4
Check: data for non-ASCII characters
Result: NOTE
     Note: found 2 marked UTF-8 strings
Flavors: r-devel-linux-x86_64-fedora-clang, r-devel-linux-x86_64-fedora-gcc, r-patched-solaris-x86, r-release-osx-x86_64, r-oldrel-osx-x86_64