CRAN Package Check Results for Package widgetframe

Last updated on 2024-05-19 05:56:06 CEST.

Flavor Version Tinstall Tcheck Ttotal Status Flags
r-devel-linux-x86_64-debian-clang 0.3.1 3.59 37.24 40.83 NOTE
r-devel-linux-x86_64-debian-gcc 0.3.1 2.46 28.88 31.34 NOTE
r-devel-linux-x86_64-fedora-clang 0.3.1 51.64 NOTE
r-devel-linux-x86_64-fedora-gcc 0.3.1 81.23 NOTE
r-devel-windows-x86_64 0.3.1 4.00 51.00 55.00 NOTE
r-patched-linux-x86_64 0.3.1 2.94 35.81 38.75 NOTE
r-release-linux-x86_64 0.3.1 2.59 35.25 37.84 NOTE
r-release-macos-arm64 0.3.1 26.00 NOTE
r-release-windows-x86_64 0.3.1 4.00 51.00 55.00 NOTE
r-oldrel-macos-arm64 0.3.1 28.00 NOTE
r-oldrel-macos-x86_64 0.3.1 38.00 NOTE
r-oldrel-windows-x86_64 0.3.1 5.00 54.00 59.00 NOTE

Check Details

Version: 0.3.1
Check: LazyData
Result: NOTE 'LazyData' is specified without a 'data' directory Flavors: r-devel-linux-x86_64-debian-clang, r-devel-linux-x86_64-debian-gcc, r-devel-linux-x86_64-fedora-clang, r-devel-linux-x86_64-fedora-gcc, r-devel-windows-x86_64, r-patched-linux-x86_64, r-release-linux-x86_64, r-release-macos-arm64, r-release-windows-x86_64, r-oldrel-macos-arm64, r-oldrel-macos-x86_64, r-oldrel-windows-x86_64