CRAN Package Check Results for Package wfe

Last updated on 2023-03-23 03:53:39 CET.

Flavor Version Tinstall Tcheck Ttotal Status Flags
r-devel-linux-x86_64-debian-clang 1.9.1 18.36 93.44 111.80 NOTE
r-devel-linux-x86_64-debian-gcc 1.9.1 13.48 72.21 85.69 NOTE
r-devel-linux-x86_64-fedora-clang 1.9.1 139.92 NOTE
r-devel-linux-x86_64-fedora-gcc 1.9.1 132.94 NOTE
r-patched-linux-x86_64 1.9.1 16.42 87.21 103.63 NOTE
r-release-linux-x86_64 1.9.1 14.55 86.09 100.64 NOTE
r-release-macos-arm64 1.9.1 39.00 NOTE
r-release-macos-x86_64 1.9.1 65.00 NOTE
r-release-windows-x86_64 1.9.1 28.00 122.00 150.00 NOTE
r-oldrel-macos-arm64 1.9.1 56.00 NOTE
r-oldrel-macos-x86_64 1.9.1 95.00 NOTE
r-oldrel-windows-ix86+x86_64 1.9.1 38.00 137.00 175.00 NOTE

Check Details

Version: 1.9.1
Check: LazyData
Result: NOTE
     'LazyData' is specified without a 'data' directory
Flavors: r-devel-linux-x86_64-debian-clang, r-devel-linux-x86_64-debian-gcc, r-devel-linux-x86_64-fedora-clang, r-devel-linux-x86_64-fedora-gcc, r-patched-linux-x86_64, r-release-linux-x86_64, r-release-macos-arm64, r-release-macos-x86_64, r-release-windows-x86_64, r-oldrel-macos-arm64, r-oldrel-macos-x86_64, r-oldrel-windows-ix86+x86_64