CRAN Package Check Results for Package wellknown

Last updated on 2022-11-30 21:01:15 CET.

Flavor Version Tinstall Tcheck Ttotal Status Flags
r-devel-linux-x86_64-debian-clang 0.7.4 235.81 48.82 284.63 OK
r-devel-linux-x86_64-debian-gcc 0.7.4 155.33 66.74 222.07 WARN
r-devel-linux-x86_64-fedora-clang 0.7.4 396.37 OK
r-devel-linux-x86_64-fedora-gcc 0.7.4 420.83 WARN
r-devel-windows-x86_64 0.7.4 328.00 105.00 433.00 OK
r-patched-linux-x86_64 0.7.4 196.32 85.47 281.79 OK
r-release-linux-x86_64 0.7.4 193.66 84.11 277.77 OK
r-release-macos-arm64 0.7.4 82.00 NOTE
r-release-macos-x86_64 0.7.4 115.00 NOTE
r-release-windows-x86_64 0.7.4 679.00 100.00 779.00 OK
r-oldrel-macos-arm64 0.7.4 80.00 NOTE
r-oldrel-macos-x86_64 0.7.4 151.00 NOTE
r-oldrel-windows-ix86+x86_64 0.7.4 438.00 108.00 546.00 OK

Additional issues

donttest

Check Details

Version: 0.7.4
Check: whether package can be installed
Result: WARN
    Found the following significant warnings:
     /home/hornik/tmp/R.check/r-devel-gcc/Work/build/Packages/BH/include/boost/geometry/algorithms/detail/envelope/range.hpp:112:15: warning: ‘*(boost::geometry::model::point<double, 2, boost::geometry::cs::cartesian>*)((char*)&state + offsetof(boost::geometry::strategy::envelope::cartesian<void>::multi_state<boost::geometry::model::box<boost::geometry::model::point<double, 2, boost::geometry::cs::cartesian> > >,boost::geometry::strategy::envelope::cartesian<void>::multi_state<boost::geometry::model::box<boost::geometry::model::point<double, 2, boost::geometry::cs::cartesian> > >::m_box.boost::geometry::model::box<boost::geometry::model::point<double, 2, boost::geometry::cs::cartesian> >::m_min_corner)).boost::geometry::model::point<double, 2, boost::geometry::cs::cartesian>::m_values[0]’ is used uninitialized [-Wuninitialized]
     /home/hornik/tmp/R.check/r-devel-gcc/Work/build/Packages/BH/include/boost/geometry/algorithms/detail/envelope/range.hpp:112:15: warning: ‘*(boost::geometry::model::point<double, 2, boost::geometry::cs::cartesian>*)((char*)&state + offsetof(boost::geometry::strategy::envelope::cartesian<void>::multi_state<boost::geometry::model::box<boost::geometry::model::point<double, 2, boost::geometry::cs::cartesian> > >,boost::geometry::strategy::envelope::cartesian<void>::multi_state<boost::geometry::model::box<boost::geometry::model::point<double, 2, boost::geometry::cs::cartesian> > >::m_box.boost::geometry::model::box<boost::geometry::model::point<double, 2, boost::geometry::cs::cartesian> >::m_min_corner)).boost::geometry::model::point<double, 2, boost::geometry::cs::cartesian>::m_values[1]’ is used uninitialized [-Wuninitialized]
     /home/hornik/tmp/R.check/r-devel-gcc/Work/build/Packages/BH/include/boost/geometry/algorithms/detail/envelope/range.hpp:112:15: warning: ‘*(boost::geometry::model::point<double, 2, boost::geometry::cs::cartesian>*)((char*)&state + offsetof(boost::geometry::strategy::envelope::cartesian<void>::multi_state<boost::geometry::model::box<boost::geometry::model::point<double, 2, boost::geometry::cs::cartesian> > >,boost::geometry::strategy::envelope::cartesian<void>::multi_state<boost::geometry::model::box<boost::geometry::model::point<double, 2, boost::geometry::cs::cartesian> > >::m_box.boost::geometry::model::box<boost::geometry::model::point<double, 2, boost::geometry::cs::cartesian> >::m_max_corner)).boost::geometry::model::point<double, 2, boost::geometry::cs::cartesian>::m_values[0]’ is used uninitialized [-Wuninitialized]
     /home/hornik/tmp/R.check/r-devel-gcc/Work/build/Packages/BH/include/boost/geometry/algorithms/detail/envelope/range.hpp:112:15: warning: ‘*(boost::geometry::model::point<double, 2, boost::geometry::cs::cartesian>*)((char*)&state + offsetof(boost::geometry::strategy::envelope::cartesian<void>::multi_state<boost::geometry::model::box<boost::geometry::model::point<double, 2, boost::geometry::cs::cartesian> > >,boost::geometry::strategy::envelope::cartesian<void>::multi_state<boost::geometry::model::box<boost::geometry::model::point<double, 2, boost::geometry::cs::cartesian> > >::m_box.boost::geometry::model::box<boost::geometry::model::point<double, 2, boost::geometry::cs::cartesian> >::m_max_corner)).boost::geometry::model::point<double, 2, boost::geometry::cs::cartesian>::m_values[1]’ is used uninitialized [-Wuninitialized]
Flavor: r-devel-linux-x86_64-debian-gcc

Version: 0.7.4
Check: whether package can be installed
Result: WARN
    Found the following significant warnings:
     /data/gannet/ripley/R/test-dev/BH/include/boost/geometry/algorithms/detail/envelope/range.hpp:112:15: warning: ‘*(boost::geometry::model::point<double, 2, boost::geometry::cs::cartesian>*)((char*)&state + offsetof(boost::geometry::strategy::envelope::cartesian<void>::multi_state<boost::geometry::model::box<boost::geometry::model::point<double, 2, boost::geometry::cs::cartesian> > >,boost::geometry::strategy::envelope::cartesian<void>::multi_state<boost::geometry::model::box<boost::geometry::model::point<double, 2, boost::geometry::cs::cartesian> > >::m_box.boost::geometry::model::box<boost::geometry::model::point<double, 2, boost::geometry::cs::cartesian> >::m_min_corner)).boost::geometry::model::point<double, 2, boost::geometry::cs::cartesian>::m_values[0]’ is used uninitialized [-Wuninitialized]
     /data/gannet/ripley/R/test-dev/BH/include/boost/geometry/algorithms/detail/envelope/range.hpp:112:15: warning: ‘*(boost::geometry::model::point<double, 2, boost::geometry::cs::cartesian>*)((char*)&state + offsetof(boost::geometry::strategy::envelope::cartesian<void>::multi_state<boost::geometry::model::box<boost::geometry::model::point<double, 2, boost::geometry::cs::cartesian> > >,boost::geometry::strategy::envelope::cartesian<void>::multi_state<boost::geometry::model::box<boost::geometry::model::point<double, 2, boost::geometry::cs::cartesian> > >::m_box.boost::geometry::model::box<boost::geometry::model::point<double, 2, boost::geometry::cs::cartesian> >::m_min_corner)).boost::geometry::model::point<double, 2, boost::geometry::cs::cartesian>::m_values[1]’ is used uninitialized [-Wuninitialized]
     /data/gannet/ripley/R/test-dev/BH/include/boost/geometry/algorithms/detail/envelope/range.hpp:112:15: warning: ‘*(boost::geometry::model::point<double, 2, boost::geometry::cs::cartesian>*)((char*)&state + offsetof(boost::geometry::strategy::envelope::cartesian<void>::multi_state<boost::geometry::model::box<boost::geometry::model::point<double, 2, boost::geometry::cs::cartesian> > >,boost::geometry::strategy::envelope::cartesian<void>::multi_state<boost::geometry::model::box<boost::geometry::model::point<double, 2, boost::geometry::cs::cartesian> > >::m_box.boost::geometry::model::box<boost::geometry::model::point<double, 2, boost::geometry::cs::cartesian> >::m_max_corner)).boost::geometry::model::point<double, 2, boost::geometry::cs::cartesian>::m_values[0]’ is used uninitialized [-Wuninitialized]
     /data/gannet/ripley/R/test-dev/BH/include/boost/geometry/algorithms/detail/envelope/range.hpp:112:15: warning: ‘*(boost::geometry::model::point<double, 2, boost::geometry::cs::cartesian>*)((char*)&state + offsetof(boost::geometry::strategy::envelope::cartesian<void>::multi_state<boost::geometry::model::box<boost::geometry::model::point<double, 2, boost::geometry::cs::cartesian> > >,boost::geometry::strategy::envelope::cartesian<void>::multi_state<boost::geometry::model::box<boost::geometry::model::point<double, 2, boost::geometry::cs::cartesian> > >::m_box.boost::geometry::model::box<boost::geometry::model::point<double, 2, boost::geometry::cs::cartesian> >::m_max_corner)).boost::geometry::model::point<double, 2, boost::geometry::cs::cartesian>::m_values[1]’ is used uninitialized [-Wuninitialized]
Flavor: r-devel-linux-x86_64-fedora-gcc

Version: 0.7.4
Check: installed package size
Result: NOTE
     installed size is 11.8Mb
     sub-directories of 1Mb or more:
     libs 11.4Mb
Flavors: r-release-macos-arm64, r-release-macos-x86_64, r-oldrel-macos-arm64, r-oldrel-macos-x86_64