Last updated on 2024-04-30 21:50:32 CEST.
Flavor | Version | Tinstall | Tcheck | Ttotal | Status | Flags |
---|---|---|---|---|---|---|
r-devel-linux-x86_64-debian-clang | 0.3.0 | 3.81 | 112.95 | 116.76 | OK | |
r-devel-linux-x86_64-debian-gcc | 0.3.0 | 3.92 | 86.71 | 90.63 | OK | |
r-devel-linux-x86_64-fedora-clang | 0.3.0 | 128.47 | NOTE | |||
r-devel-linux-x86_64-fedora-gcc | 0.3.0 | 138.80 | NOTE | |||
r-devel-windows-x86_64 | 0.1.0 | 8.00 | 66.00 | 74.00 | OK | |
r-patched-linux-x86_64 | 0.1.0 | 10.04 | 52.20 | 62.24 | OK | |
r-release-linux-x86_64 | 0.1.0 | 4.78 | 50.82 | 55.60 | OK | |
r-release-macos-arm64 | 0.3.0 | 51.00 | ERROR | |||
r-release-macos-x86_64 | 0.3.0 | 135.00 | OK | |||
r-release-windows-x86_64 | 0.3.0 | 7.00 | 110.00 | 117.00 | OK | |
r-oldrel-macos-arm64 | 0.3.0 | 56.00 | ERROR | |||
r-oldrel-macos-x86_64 | 0.3.0 | 101.00 | OK | |||
r-oldrel-windows-x86_64 | 0.1.0 | 12.00 | 87.00 | 99.00 | OK |
Version: 0.3.0
Check: data for non-ASCII characters
Result: NOTE
Note: found 14 marked UTF-8 strings
Flavors: r-devel-linux-x86_64-fedora-clang, r-devel-linux-x86_64-fedora-gcc
Version: 0.3.0
Check: tests
Result: ERROR
Running ‘testthat.R’ [20s/22s]
Running the tests in ‘tests/testthat.R’ failed.
Last 13 lines of output:
══ Failed tests ════════════════════════════════════════════════════════════════
── Failure ('test-preprocess.R:28:5'): add_duration testdt_specific ────────────
as.numeric(wt_duration[1, "duration"]) == 2.85800004005432 is not TRUE
`actual`: FALSE
`expected`: TRUE
── Failure ('test-preprocess.R:30:5'): add_duration testdt_specific ────────────
sum(wt_duration[, "duration"], na.rm = T) == 1177364.3540051 is not TRUE
`actual`: FALSE
`expected`: TRUE
[ FAIL 2 | WARN 33 | SKIP 6 | PASS 162 ]
Error: Test failures
Execution halted
Flavor: r-release-macos-arm64
Version: 0.3.0
Check: tests
Result: ERROR
Running ‘testthat.R’ [21s/22s]
Running the tests in ‘tests/testthat.R’ failed.
Last 13 lines of output:
══ Failed tests ════════════════════════════════════════════════════════════════
── Failure ('test-preprocess.R:28:5'): add_duration testdt_specific ────────────
as.numeric(wt_duration[1, "duration"]) == 2.85800004005432 is not TRUE
`actual`: FALSE
`expected`: TRUE
── Failure ('test-preprocess.R:30:5'): add_duration testdt_specific ────────────
sum(wt_duration[, "duration"], na.rm = T) == 1177364.3540051 is not TRUE
`actual`: FALSE
`expected`: TRUE
[ FAIL 2 | WARN 33 | SKIP 6 | PASS 162 ]
Error: Test failures
Execution halted
Flavor: r-oldrel-macos-arm64