CRAN Package Check Results for Package webr

Last updated on 2022-09-24 21:51:17 CEST.

Flavor Version Tinstall Tcheck Ttotal Status Flags
r-devel-linux-x86_64-debian-clang 0.1.5 14.58 148.57 163.15 NOTE
r-devel-linux-x86_64-debian-gcc 0.1.5 10.79 109.53 120.32 NOTE
r-devel-linux-x86_64-fedora-clang 0.1.5 214.94 NOTE
r-devel-linux-x86_64-fedora-gcc 0.1.5 209.37 NOTE
r-devel-windows-x86_64 0.1.5 27.00 175.00 202.00 NOTE
r-patched-linux-x86_64 0.1.5 11.41 140.08 151.49 NOTE
r-release-linux-x86_64 0.1.5 14.49 139.63 154.12 NOTE
r-release-macos-arm64 0.1.5 52.00 NOTE
r-release-macos-x86_64 0.1.5 87.00 NOTE
r-release-windows-x86_64 0.1.5 23.00 185.00 208.00 NOTE
r-oldrel-macos-arm64 0.1.5 64.00 NOTE
r-oldrel-macos-x86_64 0.1.5 102.00 NOTE
r-oldrel-windows-ix86+x86_64 0.1.5 35.00 184.00 219.00 NOTE

Check Details

Version: 0.1.5
Check: LazyData
Result: NOTE
     'LazyData' is specified without a 'data' directory
Flavors: r-devel-linux-x86_64-debian-clang, r-devel-linux-x86_64-debian-gcc, r-devel-linux-x86_64-fedora-clang, r-devel-linux-x86_64-fedora-gcc, r-devel-windows-x86_64, r-patched-linux-x86_64, r-release-linux-x86_64, r-release-macos-arm64, r-release-macos-x86_64, r-release-windows-x86_64, r-oldrel-macos-arm64, r-oldrel-macos-x86_64, r-oldrel-windows-ix86+x86_64

Version: 0.1.5
Check: dependencies in R code
Result: NOTE
    Namespaces in Imports field not imported from:
     ‘shiny’ ‘tidyselect’
     All declared Imports should be used.
Flavors: r-devel-linux-x86_64-fedora-clang, r-devel-linux-x86_64-fedora-gcc, r-release-macos-arm64, r-release-macos-x86_64, r-oldrel-macos-arm64, r-oldrel-macos-x86_64